{"id":968,"date":"2015-12-02T09:02:25","date_gmt":"2015-12-02T08:02:25","guid":{"rendered":"http:\/\/www.edizioniterramarique.com\/?post_type=product&#038;p=968"},"modified":"2016-12-21T20:30:18","modified_gmt":"2016-12-21T19:30:18","slug":"linutilita-del-rancore","status":"publish","type":"product","link":"https:\/\/www.edizioniterramarique.com\/en\/shop\/linutilita-del-rancore\/","title":{"rendered":"L&#8217;inutilit\u00e0 del rancore"},"content":{"rendered":"<p>Augusto Farini, giovane operaio lecchese, matura un odio implacabile nei confronti del\u00a0re Umberto I, in quanto questi ha premiato con un\u2019onorificenza il generale\u00a0Fiorenzo Bava Beccaris, autore della repressione in Milano nel maggio 1898.<br \/>\nMorta la madre, Augusto si trasferisce da Lecco a Roma, nel periodo in cui si verificano importanti avvenimenti di carattere politico e religioso, tra cui l\u2019inizio dell\u2019anno santo.<br \/>\nNella capitale, dopo molte vicissitudini, Augusto prender\u00e0 una decisione, che segner\u00e0 la svolta della sua vita e che lo condurr\u00e0 a Monza la sera del 29 luglio 1900, proprio a pochi passi dall\u2019odiato Umberto I.<br \/>\nI tratti tipici del romanzo storico e del giallo si intrecciano in quest\u2019opera dai toni sferzanti e dal linguaggio vivido come le vicende che la animano.<\/p>","protected":false},"excerpt":{"rendered":"<p>Augusto Farini, giovane operaio lecchese, matura un odio implacabile nei confronti del\u00a0re Umberto I, in quanto questi ha premiato con un\u2019onorificenza il generale\u00a0Fiorenzo Bava Beccaris, autore della repressione in Milano nel maggio 1898. Morta la madre, Augusto si trasferisce da Lecco a Roma, nel periodo in cui si verificano importanti avvenimenti di carattere politico e [&hellip;]<\/p>","protected":false},"featured_media":776,"template":"","meta":[],"product_brand":[],"product_cat":[18],"product_tag":[],"class_list":{"0":"post-968","1":"product","2":"type-product","3":"status-publish","4":"has-post-thumbnail","6":"product_cat-romanzi-storici","7":"product_shipping_class-libro","9":"first","10":"instock","11":"shipping-taxable","12":"purchasable","13":"product-type-simple"},"yoast_head":"<!-- This site is optimized with the Yoast SEO plugin v26.9 - https:\/\/yoast.com\/product\/yoast-seo-wordpress\/ -->\n<title>L&#039;inutilit\u00e0 del rancore &#8226; Edizioni Terra marique<\/title>\n<meta name=\"robots\" content=\"index, follow, max-snippet:-1, max-image-preview:large, max-video-preview:-1\" \/>\n<link rel=\"canonical\" href=\"https:\/\/www.edizioniterramarique.com\/en\/shop\/linutilita-del-rancore\/\" \/>\n<meta property=\"og:locale\" content=\"en_GB\" \/>\n<meta property=\"og:type\" content=\"article\" \/>\n<meta property=\"og:title\" content=\"L&#039;inutilit\u00e0 del rancore &#8226; Edizioni Terra marique\" \/>\n<meta property=\"og:description\" content=\"Augusto Farini, giovane operaio lecchese, matura un odio implacabile nei confronti del\u00a0re Umberto I, in quanto questi ha premiato con un\u2019onorificenza il generale\u00a0Fiorenzo Bava Beccaris, autore della repressione in Milano nel maggio 1898. Morta la madre, Augusto si trasferisce da Lecco a Roma, nel periodo in cui si verificano importanti avvenimenti di carattere politico e [&hellip;]\" \/>\n<meta property=\"og:url\" content=\"https:\/\/www.edizioniterramarique.com\/en\/shop\/linutilita-del-rancore\/\" \/>\n<meta property=\"og:site_name\" content=\"Edizioni Terra marique\" \/>\n<meta property=\"article:modified_time\" content=\"2016-12-21T19:30:18+00:00\" \/>\n<meta property=\"og:image\" content=\"https:\/\/www.edizioniterramarique.com\/wp-content\/uploads\/2015\/12\/COP_inutilit\u00e0-rancore.jpg\" \/>\n\t<meta property=\"og:image:width\" content=\"200\" \/>\n\t<meta property=\"og:image:height\" content=\"289\" \/>\n\t<meta property=\"og:image:type\" content=\"image\/jpeg\" \/>\n<meta name=\"twitter:label1\" content=\"Estimated reading time\" \/>\n\t<meta name=\"twitter:data1\" content=\"1 minute\" \/>\n<script type=\"application\/ld+json\" class=\"yoast-schema-graph\">{\"@context\":\"https:\/\/schema.org\",\"@graph\":[{\"@type\":\"WebPage\",\"@id\":\"https:\/\/www.edizioniterramarique.com\/en\/shop\/linutilita-del-rancore\/\",\"url\":\"https:\/\/www.edizioniterramarique.com\/en\/shop\/linutilita-del-rancore\/\",\"name\":\"L'inutilit\u00e0 del rancore &#8226; Edizioni Terra marique\",\"isPartOf\":{\"@id\":\"https:\/\/www.edizioniterramarique.com\/#website\"},\"primaryImageOfPage\":{\"@id\":\"https:\/\/www.edizioniterramarique.com\/en\/shop\/linutilita-del-rancore\/#primaryimage\"},\"image\":{\"@id\":\"https:\/\/www.edizioniterramarique.com\/en\/shop\/linutilita-del-rancore\/#primaryimage\"},\"thumbnailUrl\":\"https:\/\/www.edizioniterramarique.com\/wp-content\/uploads\/2015\/12\/COP_inutilit\u00e0-rancore.jpg\",\"datePublished\":\"2015-12-02T08:02:25+00:00\",\"dateModified\":\"2016-12-21T19:30:18+00:00\",\"breadcrumb\":{\"@id\":\"https:\/\/www.edizioniterramarique.com\/en\/shop\/linutilita-del-rancore\/#breadcrumb\"},\"inLanguage\":\"en-GB\",\"potentialAction\":[{\"@type\":\"ReadAction\",\"target\":[\"https:\/\/www.edizioniterramarique.com\/en\/shop\/linutilita-del-rancore\/\"]}]},{\"@type\":\"ImageObject\",\"inLanguage\":\"en-GB\",\"@id\":\"https:\/\/www.edizioniterramarique.com\/en\/shop\/linutilita-del-rancore\/#primaryimage\",\"url\":\"https:\/\/www.edizioniterramarique.com\/wp-content\/uploads\/2015\/12\/COP_inutilit\u00e0-rancore.jpg\",\"contentUrl\":\"https:\/\/www.edizioniterramarique.com\/wp-content\/uploads\/2015\/12\/COP_inutilit\u00e0-rancore.jpg\",\"width\":200,\"height\":289},{\"@type\":\"BreadcrumbList\",\"@id\":\"https:\/\/www.edizioniterramarique.com\/en\/shop\/linutilita-del-rancore\/#breadcrumb\",\"itemListElement\":[{\"@type\":\"ListItem\",\"position\":1,\"name\":\"Home\",\"item\":\"https:\/\/www.edizioniterramarique.com\/\"},{\"@type\":\"ListItem\",\"position\":2,\"name\":\"Shop\",\"item\":\"https:\/\/www.edizioniterramarique.com\/\"},{\"@type\":\"ListItem\",\"position\":3,\"name\":\"L&#8217;inutilit\u00e0 del rancore\"}]},{\"@type\":\"WebSite\",\"@id\":\"https:\/\/www.edizioniterramarique.com\/#website\",\"url\":\"https:\/\/www.edizioniterramarique.com\/\",\"name\":\"Edizioni Terra marique\",\"description\":\"Edizioni Terra marique\",\"publisher\":{\"@id\":\"https:\/\/www.edizioniterramarique.com\/#organization\"},\"potentialAction\":[{\"@type\":\"SearchAction\",\"target\":{\"@type\":\"EntryPoint\",\"urlTemplate\":\"https:\/\/www.edizioniterramarique.com\/?s={search_term_string}\"},\"query-input\":{\"@type\":\"PropertyValueSpecification\",\"valueRequired\":true,\"valueName\":\"search_term_string\"}}],\"inLanguage\":\"en-GB\"},{\"@type\":\"Organization\",\"@id\":\"https:\/\/www.edizioniterramarique.com\/#organization\",\"name\":\"Edizioni Terra marique\",\"url\":\"https:\/\/www.edizioniterramarique.com\/\",\"logo\":{\"@type\":\"ImageObject\",\"inLanguage\":\"en-GB\",\"@id\":\"https:\/\/www.edizioniterramarique.com\/#\/schema\/logo\/image\/\",\"url\":\"https:\/\/www.edizioniterramarique.com\/wp-content\/uploads\/2014\/02\/logo_web1.jpg\",\"contentUrl\":\"https:\/\/www.edizioniterramarique.com\/wp-content\/uploads\/2014\/02\/logo_web1.jpg\",\"width\":200,\"height\":109,\"caption\":\"Edizioni Terra marique\"},\"image\":{\"@id\":\"https:\/\/www.edizioniterramarique.com\/#\/schema\/logo\/image\/\"}}]}<\/script>\n<!-- \/ Yoast SEO plugin. -->","yoast_head_json":{"title":"L'inutilit\u00e0 del rancore &#8226; Edizioni Terra marique","robots":{"index":"index","follow":"follow","max-snippet":"max-snippet:-1","max-image-preview":"max-image-preview:large","max-video-preview":"max-video-preview:-1"},"canonical":"https:\/\/www.edizioniterramarique.com\/en\/shop\/linutilita-del-rancore\/","og_locale":"en_GB","og_type":"article","og_title":"L'inutilit\u00e0 del rancore &#8226; Edizioni Terra marique","og_description":"Augusto Farini, giovane operaio lecchese, matura un odio implacabile nei confronti del\u00a0re Umberto I, in quanto questi ha premiato con un\u2019onorificenza il generale\u00a0Fiorenzo Bava Beccaris, autore della repressione in Milano nel maggio 1898. Morta la madre, Augusto si trasferisce da Lecco a Roma, nel periodo in cui si verificano importanti avvenimenti di carattere politico e [&hellip;]","og_url":"https:\/\/www.edizioniterramarique.com\/en\/shop\/linutilita-del-rancore\/","og_site_name":"Edizioni Terra marique","article_modified_time":"2016-12-21T19:30:18+00:00","og_image":[{"width":200,"height":289,"url":"https:\/\/www.edizioniterramarique.com\/wp-content\/uploads\/2015\/12\/COP_inutilit\u00e0-rancore.jpg","type":"image\/jpeg"}],"twitter_misc":{"Estimated reading time":"1 minute"},"schema":{"@context":"https:\/\/schema.org","@graph":[{"@type":"WebPage","@id":"https:\/\/www.edizioniterramarique.com\/en\/shop\/linutilita-del-rancore\/","url":"https:\/\/www.edizioniterramarique.com\/en\/shop\/linutilita-del-rancore\/","name":"L'inutilit\u00e0 del rancore &#8226; Edizioni Terra marique","isPartOf":{"@id":"https:\/\/www.edizioniterramarique.com\/#website"},"primaryImageOfPage":{"@id":"https:\/\/www.edizioniterramarique.com\/en\/shop\/linutilita-del-rancore\/#primaryimage"},"image":{"@id":"https:\/\/www.edizioniterramarique.com\/en\/shop\/linutilita-del-rancore\/#primaryimage"},"thumbnailUrl":"https:\/\/www.edizioniterramarique.com\/wp-content\/uploads\/2015\/12\/COP_inutilit\u00e0-rancore.jpg","datePublished":"2015-12-02T08:02:25+00:00","dateModified":"2016-12-21T19:30:18+00:00","breadcrumb":{"@id":"https:\/\/www.edizioniterramarique.com\/en\/shop\/linutilita-del-rancore\/#breadcrumb"},"inLanguage":"en-GB","potentialAction":[{"@type":"ReadAction","target":["https:\/\/www.edizioniterramarique.com\/en\/shop\/linutilita-del-rancore\/"]}]},{"@type":"ImageObject","inLanguage":"en-GB","@id":"https:\/\/www.edizioniterramarique.com\/en\/shop\/linutilita-del-rancore\/#primaryimage","url":"https:\/\/www.edizioniterramarique.com\/wp-content\/uploads\/2015\/12\/COP_inutilit\u00e0-rancore.jpg","contentUrl":"https:\/\/www.edizioniterramarique.com\/wp-content\/uploads\/2015\/12\/COP_inutilit\u00e0-rancore.jpg","width":200,"height":289},{"@type":"BreadcrumbList","@id":"https:\/\/www.edizioniterramarique.com\/en\/shop\/linutilita-del-rancore\/#breadcrumb","itemListElement":[{"@type":"ListItem","position":1,"name":"Home","item":"https:\/\/www.edizioniterramarique.com\/"},{"@type":"ListItem","position":2,"name":"Shop","item":"https:\/\/www.edizioniterramarique.com\/"},{"@type":"ListItem","position":3,"name":"L&#8217;inutilit\u00e0 del rancore"}]},{"@type":"WebSite","@id":"https:\/\/www.edizioniterramarique.com\/#website","url":"https:\/\/www.edizioniterramarique.com\/","name":"Edizioni Terra marique","description":"Edizioni Terra marique","publisher":{"@id":"https:\/\/www.edizioniterramarique.com\/#organization"},"potentialAction":[{"@type":"SearchAction","target":{"@type":"EntryPoint","urlTemplate":"https:\/\/www.edizioniterramarique.com\/?s={search_term_string}"},"query-input":{"@type":"PropertyValueSpecification","valueRequired":true,"valueName":"search_term_string"}}],"inLanguage":"en-GB"},{"@type":"Organization","@id":"https:\/\/www.edizioniterramarique.com\/#organization","name":"Edizioni Terra marique","url":"https:\/\/www.edizioniterramarique.com\/","logo":{"@type":"ImageObject","inLanguage":"en-GB","@id":"https:\/\/www.edizioniterramarique.com\/#\/schema\/logo\/image\/","url":"https:\/\/www.edizioniterramarique.com\/wp-content\/uploads\/2014\/02\/logo_web1.jpg","contentUrl":"https:\/\/www.edizioniterramarique.com\/wp-content\/uploads\/2014\/02\/logo_web1.jpg","width":200,"height":109,"caption":"Edizioni Terra marique"},"image":{"@id":"https:\/\/www.edizioniterramarique.com\/#\/schema\/logo\/image\/"}}]}},"_links":{"self":[{"href":"https:\/\/www.edizioniterramarique.com\/en\/wp-json\/wp\/v2\/product\/968","targetHints":{"allow":["GET"]}}],"collection":[{"href":"https:\/\/www.edizioniterramarique.com\/en\/wp-json\/wp\/v2\/product"}],"about":[{"href":"https:\/\/www.edizioniterramarique.com\/en\/wp-json\/wp\/v2\/types\/product"}],"wp:featuredmedia":[{"embeddable":true,"href":"https:\/\/www.edizioniterramarique.com\/en\/wp-json\/wp\/v2\/media\/776"}],"wp:attachment":[{"href":"https:\/\/www.edizioniterramarique.com\/en\/wp-json\/wp\/v2\/media?parent=968"}],"wp:term":[{"taxonomy":"product_brand","embeddable":true,"href":"https:\/\/www.edizioniterramarique.com\/en\/wp-json\/wp\/v2\/product_brand?post=968"},{"taxonomy":"product_cat","embeddable":true,"href":"https:\/\/www.edizioniterramarique.com\/en\/wp-json\/wp\/v2\/product_cat?post=968"},{"taxonomy":"product_tag","embeddable":true,"href":"https:\/\/www.edizioniterramarique.com\/en\/wp-json\/wp\/v2\/product_tag?post=968"}],"curies":[{"name":"wp","href":"https:\/\/api.w.org\/{rel}","templated":true}]}}

L&#8217;inutilità del rancore

<p>Augusto Farini, giovane operaio lecchese, matura un odio implacabile nei confronti del re Umberto I, in quanto questi ha premiato con un’onorificenza il generale Fiorenzo Bava Beccaris, autore della repressione in Milano nel maggio 1898.<br />
Morta la madre, Augusto si trasferisce da Lecco a Roma, nel periodo in cui si verificano importanti avvenimenti di carattere politico e religioso, tra cui l’inizio dell’anno santo.<br />
Nella capitale, dopo molte vicissitudini, Augusto prenderà una decisione, che segnerà la svolta della sua vita e che lo condurrà a Monza la sera del 29 luglio 1900, proprio a pochi passi dall’odiato Umberto I.<br />
I tratti tipici del romanzo storico e del giallo si intrecciano in quest’opera dai toni sferzanti e dal linguaggio vivido come le vicende che la animano.</p>

<!-- This site is optimized with the Yoast SEO plugin v26.9 - https://yoast.com/product/yoast-seo-wordpress/ -->
<title>L&#039;inutilità del rancore &#8226; Edizioni Terra marique</title>
<meta name="robots" content="index, follow, max-snippet:-1, max-image-preview:large, max-video-preview:-1" />
<link rel="canonical" href="https://www.edizioniterramarique.com/en/shop/linutilita-del-rancore/" />
<meta property="og:locale" content="en_GB" />
<meta property="og:type" content="article" />
<meta property="og:title" content="L&#039;inutilità del rancore &#8226; Edizioni Terra marique" />
<meta property="og:description" content="Augusto Farini, giovane operaio lecchese, matura un odio implacabile nei confronti del re Umberto I, in quanto questi ha premiato con un’onorificenza il generale Fiorenzo Bava Beccaris, autore della repressione in Milano nel maggio 1898. Morta la madre, Augusto si trasferisce da Lecco a Roma, nel periodo in cui si verificano importanti avvenimenti di carattere politico e [&hellip;]" />
<meta property="og:url" content="https://www.edizioniterramarique.com/en/shop/linutilita-del-rancore/" />
<meta property="og:site_name" content="Edizioni Terra marique" />
<meta property="article:modified_time" content="2016-12-21T19:30:18+00:00" />
<meta property="og:image" content="https://www.edizioniterramarique.com/wp-content/uploads/2015/12/COP_inutilità-rancore.jpg" />
	<meta property="og:image:width" content="200" />
	<meta property="og:image:height" content="289" />
	<meta property="og:image:type" content="image/jpeg" />
<meta name="twitter:label1" content="Estimated reading time" />
	<meta name="twitter:data1" content="1 minute" />
<script type="application/ld+json" class="yoast-schema-graph">{"@context":"https://schema.org","@graph":[{"@type":"WebPage","@id":"https://www.edizioniterramarique.com/en/shop/linutilita-del-rancore/","url":"https://www.edizioniterramarique.com/en/shop/linutilita-del-rancore/","name":"L'inutilità del rancore &#8226; Edizioni Terra marique","isPartOf":{"@id":"https://www.edizioniterramarique.com/#website"},"primaryImageOfPage":{"@id":"https://www.edizioniterramarique.com/en/shop/linutilita-del-rancore/#primaryimage"},"image":{"@id":"https://www.edizioniterramarique.com/en/shop/linutilita-del-rancore/#primaryimage"},"thumbnailUrl":"https://www.edizioniterramarique.com/wp-content/uploads/2015/12/COP_inutilità-rancore.jpg","datePublished":"2015-12-02T08:02:25+00:00","dateModified":"2016-12-21T19:30:18+00:00","breadcrumb":{"@id":"https://www.edizioniterramarique.com/en/shop/linutilita-del-rancore/#breadcrumb"},"inLanguage":"en-GB","potentialAction":[{"@type":"ReadAction","target":["https://www.edizioniterramarique.com/en/shop/linutilita-del-rancore/"]}]},{"@type":"ImageObject","inLanguage":"en-GB","@id":"https://www.edizioniterramarique.com/en/shop/linutilita-del-rancore/#primaryimage","url":"https://www.edizioniterramarique.com/wp-content/uploads/2015/12/COP_inutilità-rancore.jpg","contentUrl":"https://www.edizioniterramarique.com/wp-content/uploads/2015/12/COP_inutilità-rancore.jpg","width":200,"height":289},{"@type":"BreadcrumbList","@id":"https://www.edizioniterramarique.com/en/shop/linutilita-del-rancore/#breadcrumb","itemListElement":[{"@type":"ListItem","position":1,"name":"Home","item":"https://www.edizioniterramarique.com/"},{"@type":"ListItem","position":2,"name":"Shop","item":"https://www.edizioniterramarique.com/"},{"@type":"ListItem","position":3,"name":"L&#8217;inutilità del rancore"}]},{"@type":"WebSite","@id":"https://www.edizioniterramarique.com/#website","url":"https://www.edizioniterramarique.com/","name":"Edizioni Terra marique","description":"Edizioni Terra marique","publisher":{"@id":"https://www.edizioniterramarique.com/#organization"},"potentialAction":[{"@type":"SearchAction","target":{"@type":"EntryPoint","urlTemplate":"https://www.edizioniterramarique.com/?s={search_term_string}"},"query-input":{"@type":"PropertyValueSpecification","valueRequired":true,"valueName":"search_term_string"}}],"inLanguage":"en-GB"},{"@type":"Organization","@id":"https://www.edizioniterramarique.com/#organization","name":"Edizioni Terra marique","url":"https://www.edizioniterramarique.com/","logo":{"@type":"ImageObject","inLanguage":"en-GB","@id":"https://www.edizioniterramarique.com/#/schema/logo/image/","url":"https://www.edizioniterramarique.com/wp-content/uploads/2014/02/logo_web1.jpg","contentUrl":"https://www.edizioniterramarique.com/wp-content/uploads/2014/02/logo_web1.jpg","width":200,"height":109,"caption":"Edizioni Terra marique"},"image":{"@id":"https://www.edizioniterramarique.com/#/schema/logo/image/"}}]}</script>
<!-- / Yoast SEO plugin. -->

L'inutilità del rancore &#8226; Edizioni Terra marique

https://www.edizioniterramarique.com/wp-content/uploads/2015/12/COP_inutilità-rancore.jpg
