{"id":4175,"date":"2026-01-29T21:25:53","date_gmt":"2026-01-29T20:25:53","guid":{"rendered":"https:\/\/www.edizioniterramarique.com\/?post_type=product&#038;p=4175"},"modified":"2026-01-29T21:25:53","modified_gmt":"2026-01-29T20:25:53","slug":"alles-beginnt-mit-mut","status":"publish","type":"product","link":"https:\/\/www.edizioniterramarique.com\/en\/shop\/alles-beginnt-mit-mut\/","title":{"rendered":"Alles beginnt mit Mut"},"content":{"rendered":"<p>\u201eMeine Wurzeln liegen in Italien, genauer gesagt in der Toskana. Ich wurde 1969 in Massa Carrara als j\u00fcngster von drei Br\u00fcdern geboren. Ich wei\u00df nicht, wie oft ich meine Mutter sagen h\u00f6rte: <em>Zum Gl\u00fcck habe ich keine T\u00f6chter<\/em>. Als Kind war mir die wahre Bedeutung dieser Worte vielleicht nicht ganz klar, aber als ich \u00e4lter wurde, habe ich es sehr wohl verstanden.\u201c<\/p>\n<p>So beginnt der autobiografische Bericht von Massimo Santucci, der in diesem Buch erz\u00e4hlt, was er als Kind durchlebt hat, nachdem seine Mutter Domenica beschloss, der Gewalt ihres Ehemannes zu entkommen und ein neues Leben in der Schweiz zu suchen.<\/p>\n<p>Massimo Santucci, der sich seit jeher im sozialen Bereich engagiert, ist Gr\u00fcnder und Pr\u00e4sident des Vereins AEVV, der europaweit konkrete Hilfe f\u00fcr Gewaltopfer leistet.<\/p>","protected":false},"excerpt":{"rendered":"<p>di Massimo Santucci<br \/>\nCollana E.B.<br \/>\nIsbn 9791280254689<\/p>","protected":false},"featured_media":4176,"template":"","meta":[],"product_brand":[],"product_cat":[70],"product_tag":[],"class_list":{"0":"post-4175","1":"product","2":"type-product","3":"status-publish","4":"has-post-thumbnail","6":"product_cat-autobiografia","8":"first","9":"instock","10":"shipping-taxable","11":"purchasable","12":"product-type-simple"},"yoast_head":"<!-- This site is optimized with the Yoast SEO plugin v26.9 - https:\/\/yoast.com\/product\/yoast-seo-wordpress\/ -->\n<title>Alles beginnt mit Mut - Massimo Santucci - Edizioni Terra marique<\/title>\n<meta name=\"description\" content=\"Ehemannes zu entkommen und ein neues Leben in der Schweiz zu suchen. Massimo Santucc ist Gr\u00fcnder und Pr\u00e4sident des Vereins AEVV.\" \/>\n<meta name=\"robots\" content=\"index, follow, max-snippet:-1, max-image-preview:large, max-video-preview:-1\" \/>\n<link rel=\"canonical\" href=\"https:\/\/www.edizioniterramarique.com\/en\/shop\/alles-beginnt-mit-mut\/\" \/>\n<meta property=\"og:locale\" content=\"en_GB\" \/>\n<meta property=\"og:type\" content=\"article\" \/>\n<meta property=\"og:title\" content=\"Alles beginnt mit Mut - Massimo Santucci - Edizioni Terra marique\" \/>\n<meta property=\"og:description\" content=\"Ehemannes zu entkommen und ein neues Leben in der Schweiz zu suchen. Massimo Santucc ist Gr\u00fcnder und Pr\u00e4sident des Vereins AEVV.\" \/>\n<meta property=\"og:url\" content=\"https:\/\/www.edizioniterramarique.com\/en\/shop\/alles-beginnt-mit-mut\/\" \/>\n<meta property=\"og:site_name\" content=\"Edizioni Terra marique\" \/>\n<meta property=\"og:image\" content=\"https:\/\/www.edizioniterramarique.com\/wp-content\/uploads\/2026\/01\/Santucci-copertina_TM.jpg\" \/>\n\t<meta property=\"og:image:width\" content=\"200\" \/>\n\t<meta property=\"og:image:height\" content=\"284\" \/>\n\t<meta property=\"og:image:type\" content=\"image\/jpeg\" \/>\n<meta name=\"twitter:label1\" content=\"Estimated reading time\" \/>\n\t<meta name=\"twitter:data1\" content=\"1 minute\" \/>\n<script type=\"application\/ld+json\" class=\"yoast-schema-graph\">{\"@context\":\"https:\/\/schema.org\",\"@graph\":[{\"@type\":\"WebPage\",\"@id\":\"https:\/\/www.edizioniterramarique.com\/shop\/alles-beginnt-mit-mut\/\",\"url\":\"https:\/\/www.edizioniterramarique.com\/shop\/alles-beginnt-mit-mut\/\",\"name\":\"Alles beginnt mit Mut - Massimo Santucci - Edizioni Terra marique\",\"isPartOf\":{\"@id\":\"https:\/\/www.edizioniterramarique.com\/#website\"},\"primaryImageOfPage\":{\"@id\":\"https:\/\/www.edizioniterramarique.com\/shop\/alles-beginnt-mit-mut\/#primaryimage\"},\"image\":{\"@id\":\"https:\/\/www.edizioniterramarique.com\/shop\/alles-beginnt-mit-mut\/#primaryimage\"},\"thumbnailUrl\":\"https:\/\/www.edizioniterramarique.com\/wp-content\/uploads\/2026\/01\/Santucci-copertina_TM.jpg\",\"datePublished\":\"2026-01-29T20:25:53+00:00\",\"description\":\"Ehemannes zu entkommen und ein neues Leben in der Schweiz zu suchen. Massimo Santucc ist Gr\u00fcnder und Pr\u00e4sident des Vereins AEVV.\",\"breadcrumb\":{\"@id\":\"https:\/\/www.edizioniterramarique.com\/shop\/alles-beginnt-mit-mut\/#breadcrumb\"},\"inLanguage\":\"en-GB\",\"potentialAction\":[{\"@type\":\"ReadAction\",\"target\":[\"https:\/\/www.edizioniterramarique.com\/shop\/alles-beginnt-mit-mut\/\"]}]},{\"@type\":\"ImageObject\",\"inLanguage\":\"en-GB\",\"@id\":\"https:\/\/www.edizioniterramarique.com\/shop\/alles-beginnt-mit-mut\/#primaryimage\",\"url\":\"https:\/\/www.edizioniterramarique.com\/wp-content\/uploads\/2026\/01\/Santucci-copertina_TM.jpg\",\"contentUrl\":\"https:\/\/www.edizioniterramarique.com\/wp-content\/uploads\/2026\/01\/Santucci-copertina_TM.jpg\",\"width\":200,\"height\":284},{\"@type\":\"BreadcrumbList\",\"@id\":\"https:\/\/www.edizioniterramarique.com\/shop\/alles-beginnt-mit-mut\/#breadcrumb\",\"itemListElement\":[{\"@type\":\"ListItem\",\"position\":1,\"name\":\"Home\",\"item\":\"https:\/\/www.edizioniterramarique.com\/\"},{\"@type\":\"ListItem\",\"position\":2,\"name\":\"Shop\",\"item\":\"https:\/\/www.edizioniterramarique.com\/\"},{\"@type\":\"ListItem\",\"position\":3,\"name\":\"Alles beginnt mit Mut\"}]},{\"@type\":\"WebSite\",\"@id\":\"https:\/\/www.edizioniterramarique.com\/#website\",\"url\":\"https:\/\/www.edizioniterramarique.com\/\",\"name\":\"Edizioni Terra marique\",\"description\":\"Edizioni Terra marique\",\"publisher\":{\"@id\":\"https:\/\/www.edizioniterramarique.com\/#organization\"},\"potentialAction\":[{\"@type\":\"SearchAction\",\"target\":{\"@type\":\"EntryPoint\",\"urlTemplate\":\"https:\/\/www.edizioniterramarique.com\/?s={search_term_string}\"},\"query-input\":{\"@type\":\"PropertyValueSpecification\",\"valueRequired\":true,\"valueName\":\"search_term_string\"}}],\"inLanguage\":\"en-GB\"},{\"@type\":\"Organization\",\"@id\":\"https:\/\/www.edizioniterramarique.com\/#organization\",\"name\":\"Edizioni Terra marique\",\"url\":\"https:\/\/www.edizioniterramarique.com\/\",\"logo\":{\"@type\":\"ImageObject\",\"inLanguage\":\"en-GB\",\"@id\":\"https:\/\/www.edizioniterramarique.com\/#\/schema\/logo\/image\/\",\"url\":\"https:\/\/www.edizioniterramarique.com\/wp-content\/uploads\/2014\/02\/logo_web1.jpg\",\"contentUrl\":\"https:\/\/www.edizioniterramarique.com\/wp-content\/uploads\/2014\/02\/logo_web1.jpg\",\"width\":200,\"height\":109,\"caption\":\"Edizioni Terra marique\"},\"image\":{\"@id\":\"https:\/\/www.edizioniterramarique.com\/#\/schema\/logo\/image\/\"}}]}<\/script>\n<!-- \/ Yoast SEO plugin. -->","yoast_head_json":{"title":"Alles beginnt mit Mut - Massimo Santucci - Edizioni Terra marique","description":"Ehemannes zu entkommen und ein neues Leben in der Schweiz zu suchen. Massimo Santucc ist Gr\u00fcnder und Pr\u00e4sident des Vereins AEVV.","robots":{"index":"index","follow":"follow","max-snippet":"max-snippet:-1","max-image-preview":"max-image-preview:large","max-video-preview":"max-video-preview:-1"},"canonical":"https:\/\/www.edizioniterramarique.com\/en\/shop\/alles-beginnt-mit-mut\/","og_locale":"en_GB","og_type":"article","og_title":"Alles beginnt mit Mut - Massimo Santucci - Edizioni Terra marique","og_description":"Ehemannes zu entkommen und ein neues Leben in der Schweiz zu suchen. Massimo Santucc ist Gr\u00fcnder und Pr\u00e4sident des Vereins AEVV.","og_url":"https:\/\/www.edizioniterramarique.com\/en\/shop\/alles-beginnt-mit-mut\/","og_site_name":"Edizioni Terra marique","og_image":[{"width":200,"height":284,"url":"https:\/\/www.edizioniterramarique.com\/wp-content\/uploads\/2026\/01\/Santucci-copertina_TM.jpg","type":"image\/jpeg"}],"twitter_misc":{"Estimated reading time":"1 minute"},"schema":{"@context":"https:\/\/schema.org","@graph":[{"@type":"WebPage","@id":"https:\/\/www.edizioniterramarique.com\/shop\/alles-beginnt-mit-mut\/","url":"https:\/\/www.edizioniterramarique.com\/shop\/alles-beginnt-mit-mut\/","name":"Alles beginnt mit Mut - Massimo Santucci - Edizioni Terra marique","isPartOf":{"@id":"https:\/\/www.edizioniterramarique.com\/#website"},"primaryImageOfPage":{"@id":"https:\/\/www.edizioniterramarique.com\/shop\/alles-beginnt-mit-mut\/#primaryimage"},"image":{"@id":"https:\/\/www.edizioniterramarique.com\/shop\/alles-beginnt-mit-mut\/#primaryimage"},"thumbnailUrl":"https:\/\/www.edizioniterramarique.com\/wp-content\/uploads\/2026\/01\/Santucci-copertina_TM.jpg","datePublished":"2026-01-29T20:25:53+00:00","description":"Ehemannes zu entkommen und ein neues Leben in der Schweiz zu suchen. Massimo Santucc ist Gr\u00fcnder und Pr\u00e4sident des Vereins AEVV.","breadcrumb":{"@id":"https:\/\/www.edizioniterramarique.com\/shop\/alles-beginnt-mit-mut\/#breadcrumb"},"inLanguage":"en-GB","potentialAction":[{"@type":"ReadAction","target":["https:\/\/www.edizioniterramarique.com\/shop\/alles-beginnt-mit-mut\/"]}]},{"@type":"ImageObject","inLanguage":"en-GB","@id":"https:\/\/www.edizioniterramarique.com\/shop\/alles-beginnt-mit-mut\/#primaryimage","url":"https:\/\/www.edizioniterramarique.com\/wp-content\/uploads\/2026\/01\/Santucci-copertina_TM.jpg","contentUrl":"https:\/\/www.edizioniterramarique.com\/wp-content\/uploads\/2026\/01\/Santucci-copertina_TM.jpg","width":200,"height":284},{"@type":"BreadcrumbList","@id":"https:\/\/www.edizioniterramarique.com\/shop\/alles-beginnt-mit-mut\/#breadcrumb","itemListElement":[{"@type":"ListItem","position":1,"name":"Home","item":"https:\/\/www.edizioniterramarique.com\/"},{"@type":"ListItem","position":2,"name":"Shop","item":"https:\/\/www.edizioniterramarique.com\/"},{"@type":"ListItem","position":3,"name":"Alles beginnt mit Mut"}]},{"@type":"WebSite","@id":"https:\/\/www.edizioniterramarique.com\/#website","url":"https:\/\/www.edizioniterramarique.com\/","name":"Edizioni Terra marique","description":"Edizioni Terra marique","publisher":{"@id":"https:\/\/www.edizioniterramarique.com\/#organization"},"potentialAction":[{"@type":"SearchAction","target":{"@type":"EntryPoint","urlTemplate":"https:\/\/www.edizioniterramarique.com\/?s={search_term_string}"},"query-input":{"@type":"PropertyValueSpecification","valueRequired":true,"valueName":"search_term_string"}}],"inLanguage":"en-GB"},{"@type":"Organization","@id":"https:\/\/www.edizioniterramarique.com\/#organization","name":"Edizioni Terra marique","url":"https:\/\/www.edizioniterramarique.com\/","logo":{"@type":"ImageObject","inLanguage":"en-GB","@id":"https:\/\/www.edizioniterramarique.com\/#\/schema\/logo\/image\/","url":"https:\/\/www.edizioniterramarique.com\/wp-content\/uploads\/2014\/02\/logo_web1.jpg","contentUrl":"https:\/\/www.edizioniterramarique.com\/wp-content\/uploads\/2014\/02\/logo_web1.jpg","width":200,"height":109,"caption":"Edizioni Terra marique"},"image":{"@id":"https:\/\/www.edizioniterramarique.com\/#\/schema\/logo\/image\/"}}]}},"_links":{"self":[{"href":"https:\/\/www.edizioniterramarique.com\/en\/wp-json\/wp\/v2\/product\/4175","targetHints":{"allow":["GET"]}}],"collection":[{"href":"https:\/\/www.edizioniterramarique.com\/en\/wp-json\/wp\/v2\/product"}],"about":[{"href":"https:\/\/www.edizioniterramarique.com\/en\/wp-json\/wp\/v2\/types\/product"}],"wp:featuredmedia":[{"embeddable":true,"href":"https:\/\/www.edizioniterramarique.com\/en\/wp-json\/wp\/v2\/media\/4176"}],"wp:attachment":[{"href":"https:\/\/www.edizioniterramarique.com\/en\/wp-json\/wp\/v2\/media?parent=4175"}],"wp:term":[{"taxonomy":"product_brand","embeddable":true,"href":"https:\/\/www.edizioniterramarique.com\/en\/wp-json\/wp\/v2\/product_brand?post=4175"},{"taxonomy":"product_cat","embeddable":true,"href":"https:\/\/www.edizioniterramarique.com\/en\/wp-json\/wp\/v2\/product_cat?post=4175"},{"taxonomy":"product_tag","embeddable":true,"href":"https:\/\/www.edizioniterramarique.com\/en\/wp-json\/wp\/v2\/product_tag?post=4175"}],"curies":[{"name":"wp","href":"https:\/\/api.w.org\/{rel}","templated":true}]}}

<p>„Meine Wurzeln liegen in Italien, genauer gesagt in der Toskana. Ich wurde 1969 in Massa Carrara als jüngster von drei Brüdern geboren. Ich weiß nicht, wie oft ich meine Mutter sagen hörte: <em>Zum Glück habe ich keine Töchter</em>. Als Kind war mir die wahre Bedeutung dieser Worte vielleicht nicht ganz klar, aber als ich älter wurde, habe ich es sehr wohl verstanden.“</p>
<p>So beginnt der autobiografische Bericht von Massimo Santucci, der in diesem Buch erzählt, was er als Kind durchlebt hat, nachdem seine Mutter Domenica beschloss, der Gewalt ihres Ehemannes zu entkommen und ein neues Leben in der Schweiz zu suchen.</p>
<p>Massimo Santucci, der sich seit jeher im sozialen Bereich engagiert, ist Gründer und Präsident des Vereins AEVV, der europaweit konkrete Hilfe für Gewaltopfer leistet.</p>

<!-- This site is optimized with the Yoast SEO plugin v26.9 - https://yoast.com/product/yoast-seo-wordpress/ -->
<title>Alles beginnt mit Mut - Massimo Santucci - Edizioni Terra marique</title>
<meta name="description" content="Ehemannes zu entkommen und ein neues Leben in der Schweiz zu suchen. Massimo Santucc ist Gründer und Präsident des Vereins AEVV." />
<meta name="robots" content="index, follow, max-snippet:-1, max-image-preview:large, max-video-preview:-1" />
<link rel="canonical" href="https://www.edizioniterramarique.com/en/shop/alles-beginnt-mit-mut/" />
<meta property="og:locale" content="en_GB" />
<meta property="og:type" content="article" />
<meta property="og:title" content="Alles beginnt mit Mut - Massimo Santucci - Edizioni Terra marique" />
<meta property="og:description" content="Ehemannes zu entkommen und ein neues Leben in der Schweiz zu suchen. Massimo Santucc ist Gründer und Präsident des Vereins AEVV." />
<meta property="og:url" content="https://www.edizioniterramarique.com/en/shop/alles-beginnt-mit-mut/" />
<meta property="og:site_name" content="Edizioni Terra marique" />
<meta property="og:image" content="https://www.edizioniterramarique.com/wp-content/uploads/2026/01/Santucci-copertina_TM.jpg" />
	<meta property="og:image:width" content="200" />
	<meta property="og:image:height" content="284" />
	<meta property="og:image:type" content="image/jpeg" />
<meta name="twitter:label1" content="Estimated reading time" />
	<meta name="twitter:data1" content="1 minute" />
<script type="application/ld+json" class="yoast-schema-graph">{"@context":"https://schema.org","@graph":[{"@type":"WebPage","@id":"https://www.edizioniterramarique.com/shop/alles-beginnt-mit-mut/","url":"https://www.edizioniterramarique.com/shop/alles-beginnt-mit-mut/","name":"Alles beginnt mit Mut - Massimo Santucci - Edizioni Terra marique","isPartOf":{"@id":"https://www.edizioniterramarique.com/#website"},"primaryImageOfPage":{"@id":"https://www.edizioniterramarique.com/shop/alles-beginnt-mit-mut/#primaryimage"},"image":{"@id":"https://www.edizioniterramarique.com/shop/alles-beginnt-mit-mut/#primaryimage"},"thumbnailUrl":"https://www.edizioniterramarique.com/wp-content/uploads/2026/01/Santucci-copertina_TM.jpg","datePublished":"2026-01-29T20:25:53+00:00","description":"Ehemannes zu entkommen und ein neues Leben in der Schweiz zu suchen. Massimo Santucc ist Gründer und Präsident des Vereins AEVV.","breadcrumb":{"@id":"https://www.edizioniterramarique.com/shop/alles-beginnt-mit-mut/#breadcrumb"},"inLanguage":"en-GB","potentialAction":[{"@type":"ReadAction","target":["https://www.edizioniterramarique.com/shop/alles-beginnt-mit-mut/"]}]},{"@type":"ImageObject","inLanguage":"en-GB","@id":"https://www.edizioniterramarique.com/shop/alles-beginnt-mit-mut/#primaryimage","url":"https://www.edizioniterramarique.com/wp-content/uploads/2026/01/Santucci-copertina_TM.jpg","contentUrl":"https://www.edizioniterramarique.com/wp-content/uploads/2026/01/Santucci-copertina_TM.jpg","width":200,"height":284},{"@type":"BreadcrumbList","@id":"https://www.edizioniterramarique.com/shop/alles-beginnt-mit-mut/#breadcrumb","itemListElement":[{"@type":"ListItem","position":1,"name":"Home","item":"https://www.edizioniterramarique.com/"},{"@type":"ListItem","position":2,"name":"Shop","item":"https://www.edizioniterramarique.com/"},{"@type":"ListItem","position":3,"name":"Alles beginnt mit Mut"}]},{"@type":"WebSite","@id":"https://www.edizioniterramarique.com/#website","url":"https://www.edizioniterramarique.com/","name":"Edizioni Terra marique","description":"Edizioni Terra marique","publisher":{"@id":"https://www.edizioniterramarique.com/#organization"},"potentialAction":[{"@type":"SearchAction","target":{"@type":"EntryPoint","urlTemplate":"https://www.edizioniterramarique.com/?s={search_term_string}"},"query-input":{"@type":"PropertyValueSpecification","valueRequired":true,"valueName":"search_term_string"}}],"inLanguage":"en-GB"},{"@type":"Organization","@id":"https://www.edizioniterramarique.com/#organization","name":"Edizioni Terra marique","url":"https://www.edizioniterramarique.com/","logo":{"@type":"ImageObject","inLanguage":"en-GB","@id":"https://www.edizioniterramarique.com/#/schema/logo/image/","url":"https://www.edizioniterramarique.com/wp-content/uploads/2014/02/logo_web1.jpg","contentUrl":"https://www.edizioniterramarique.com/wp-content/uploads/2014/02/logo_web1.jpg","width":200,"height":109,"caption":"Edizioni Terra marique"},"image":{"@id":"https://www.edizioniterramarique.com/#/schema/logo/image/"}}]}</script>
<!-- / Yoast SEO plugin. -->

Ehemannes zu entkommen und ein neues Leben in der Schweiz zu suchen. Massimo Santucc ist Gründer und Präsident des Vereins AEVV.
