{"id":4157,"date":"2025-10-30T13:35:45","date_gmt":"2025-10-30T12:35:45","guid":{"rendered":"https:\/\/www.edizioniterramarique.com\/?post_type=product&#038;p=4157"},"modified":"2025-10-30T13:35:45","modified_gmt":"2025-10-30T12:35:45","slug":"il-giorno-sbagliato-perfetto","status":"publish","type":"product","link":"https:\/\/www.edizioniterramarique.com\/en\/shop\/il-giorno-sbagliato-perfetto\/","title":{"rendered":"Il giorno sbagliato\/perfetto"},"content":{"rendered":"<p>\u201cUn giorno, all\u2019improvviso, il cuore \u00e8 impazzito, il petto \u00e8 diventato pesante, il respiro si \u00e8 fatto corto. L\u2019ansia \u00e8 entrata nella mia vita. Poi le giornate sono diventate salite troppo faticose per essere affrontate. Meglio fermarsi, arrestare il corpo e la mente. La depressione \u00e8 iniziata\u201d.<\/p>\n<p><em>Il giorno sbagliato\/perfetto<\/em> \u00e8 il racconto del periodo di cura che l\u2019autrice Giulia Palmieri ha dedicato a se stessa. O forse questo libro autobiografico \u00e8 la cura stessa, il risultato dell\u2019uso della scrittura come strumento per ripercorrere il momento pi\u00f9 buio e raccontare come la luce sia tornata.<\/p>","protected":false},"excerpt":{"rendered":"<p>di Giulia Palmieri<br \/>\nCollana Terra Donna<br \/>\nIsbn 9791280254665<\/p>","protected":false},"featured_media":4158,"template":"","meta":[],"product_brand":[],"product_cat":[70],"product_tag":[],"class_list":{"0":"post-4157","1":"product","2":"type-product","3":"status-publish","4":"has-post-thumbnail","6":"product_cat-autobiografia","8":"first","9":"instock","10":"shipping-taxable","11":"purchasable","12":"product-type-simple"},"yoast_head":"<!-- This site is optimized with the Yoast SEO plugin v26.9 - https:\/\/yoast.com\/product\/yoast-seo-wordpress\/ -->\n<title>Il giorno sbagliato\/perfetto di Giulia Palmieri-Edizioni Terra marique<\/title>\n<meta name=\"description\" content=\"Il giorno sbagliato\/perfetto \u00e8 il racconto del periodo di cura che l\u2019autrice Giulia Palmieri ha dedicato a se stessa.\" \/>\n<meta name=\"robots\" content=\"index, follow, max-snippet:-1, max-image-preview:large, max-video-preview:-1\" \/>\n<link rel=\"canonical\" href=\"https:\/\/www.edizioniterramarique.com\/en\/shop\/il-giorno-sbagliato-perfetto\/\" \/>\n<meta property=\"og:locale\" content=\"en_GB\" \/>\n<meta property=\"og:type\" content=\"article\" \/>\n<meta property=\"og:title\" content=\"Il giorno sbagliato\/perfetto di Giulia Palmieri-Edizioni Terra marique\" \/>\n<meta property=\"og:description\" content=\"Il giorno sbagliato\/perfetto \u00e8 il racconto del periodo di cura che l\u2019autrice Giulia Palmieri ha dedicato a se stessa.\" \/>\n<meta property=\"og:url\" content=\"https:\/\/www.edizioniterramarique.com\/en\/shop\/il-giorno-sbagliato-perfetto\/\" \/>\n<meta property=\"og:site_name\" content=\"Edizioni Terra marique\" \/>\n<meta property=\"og:image\" content=\"https:\/\/www.edizioniterramarique.com\/wp-content\/uploads\/2025\/10\/Palmieri-copertina_PER-SHOP-TM.jpg\" \/>\n\t<meta property=\"og:image:width\" content=\"200\" \/>\n\t<meta property=\"og:image:height\" content=\"284\" \/>\n\t<meta property=\"og:image:type\" content=\"image\/jpeg\" \/>\n<meta name=\"twitter:label1\" content=\"Estimated reading time\" \/>\n\t<meta name=\"twitter:data1\" content=\"1 minute\" \/>\n<script type=\"application\/ld+json\" class=\"yoast-schema-graph\">{\"@context\":\"https:\/\/schema.org\",\"@graph\":[{\"@type\":\"WebPage\",\"@id\":\"https:\/\/www.edizioniterramarique.com\/shop\/il-giorno-sbagliato-perfetto\/\",\"url\":\"https:\/\/www.edizioniterramarique.com\/shop\/il-giorno-sbagliato-perfetto\/\",\"name\":\"Il giorno sbagliato\/perfetto di Giulia Palmieri-Edizioni Terra marique\",\"isPartOf\":{\"@id\":\"https:\/\/www.edizioniterramarique.com\/#website\"},\"primaryImageOfPage\":{\"@id\":\"https:\/\/www.edizioniterramarique.com\/shop\/il-giorno-sbagliato-perfetto\/#primaryimage\"},\"image\":{\"@id\":\"https:\/\/www.edizioniterramarique.com\/shop\/il-giorno-sbagliato-perfetto\/#primaryimage\"},\"thumbnailUrl\":\"https:\/\/www.edizioniterramarique.com\/wp-content\/uploads\/2025\/10\/Palmieri-copertina_PER-SHOP-TM.jpg\",\"datePublished\":\"2025-10-30T12:35:45+00:00\",\"description\":\"Il giorno sbagliato\/perfetto \u00e8 il racconto del periodo di cura che l\u2019autrice Giulia Palmieri ha dedicato a se stessa.\",\"breadcrumb\":{\"@id\":\"https:\/\/www.edizioniterramarique.com\/shop\/il-giorno-sbagliato-perfetto\/#breadcrumb\"},\"inLanguage\":\"en-GB\",\"potentialAction\":[{\"@type\":\"ReadAction\",\"target\":[\"https:\/\/www.edizioniterramarique.com\/shop\/il-giorno-sbagliato-perfetto\/\"]}]},{\"@type\":\"ImageObject\",\"inLanguage\":\"en-GB\",\"@id\":\"https:\/\/www.edizioniterramarique.com\/shop\/il-giorno-sbagliato-perfetto\/#primaryimage\",\"url\":\"https:\/\/www.edizioniterramarique.com\/wp-content\/uploads\/2025\/10\/Palmieri-copertina_PER-SHOP-TM.jpg\",\"contentUrl\":\"https:\/\/www.edizioniterramarique.com\/wp-content\/uploads\/2025\/10\/Palmieri-copertina_PER-SHOP-TM.jpg\",\"width\":200,\"height\":284,\"caption\":\"Il giorno sbagliato\/perfetto copertina\"},{\"@type\":\"BreadcrumbList\",\"@id\":\"https:\/\/www.edizioniterramarique.com\/shop\/il-giorno-sbagliato-perfetto\/#breadcrumb\",\"itemListElement\":[{\"@type\":\"ListItem\",\"position\":1,\"name\":\"Home\",\"item\":\"https:\/\/www.edizioniterramarique.com\/\"},{\"@type\":\"ListItem\",\"position\":2,\"name\":\"Shop\",\"item\":\"https:\/\/www.edizioniterramarique.com\/\"},{\"@type\":\"ListItem\",\"position\":3,\"name\":\"Il giorno sbagliato\/perfetto\"}]},{\"@type\":\"WebSite\",\"@id\":\"https:\/\/www.edizioniterramarique.com\/#website\",\"url\":\"https:\/\/www.edizioniterramarique.com\/\",\"name\":\"Edizioni Terra marique\",\"description\":\"Edizioni Terra marique\",\"publisher\":{\"@id\":\"https:\/\/www.edizioniterramarique.com\/#organization\"},\"potentialAction\":[{\"@type\":\"SearchAction\",\"target\":{\"@type\":\"EntryPoint\",\"urlTemplate\":\"https:\/\/www.edizioniterramarique.com\/?s={search_term_string}\"},\"query-input\":{\"@type\":\"PropertyValueSpecification\",\"valueRequired\":true,\"valueName\":\"search_term_string\"}}],\"inLanguage\":\"en-GB\"},{\"@type\":\"Organization\",\"@id\":\"https:\/\/www.edizioniterramarique.com\/#organization\",\"name\":\"Edizioni Terra marique\",\"url\":\"https:\/\/www.edizioniterramarique.com\/\",\"logo\":{\"@type\":\"ImageObject\",\"inLanguage\":\"en-GB\",\"@id\":\"https:\/\/www.edizioniterramarique.com\/#\/schema\/logo\/image\/\",\"url\":\"https:\/\/www.edizioniterramarique.com\/wp-content\/uploads\/2014\/02\/logo_web1.jpg\",\"contentUrl\":\"https:\/\/www.edizioniterramarique.com\/wp-content\/uploads\/2014\/02\/logo_web1.jpg\",\"width\":200,\"height\":109,\"caption\":\"Edizioni Terra marique\"},\"image\":{\"@id\":\"https:\/\/www.edizioniterramarique.com\/#\/schema\/logo\/image\/\"}}]}<\/script>\n<!-- \/ Yoast SEO plugin. -->","yoast_head_json":{"title":"Il giorno sbagliato\/perfetto di Giulia Palmieri-Edizioni Terra marique","description":"Il giorno sbagliato\/perfetto \u00e8 il racconto del periodo di cura che l\u2019autrice Giulia Palmieri ha dedicato a se stessa.","robots":{"index":"index","follow":"follow","max-snippet":"max-snippet:-1","max-image-preview":"max-image-preview:large","max-video-preview":"max-video-preview:-1"},"canonical":"https:\/\/www.edizioniterramarique.com\/en\/shop\/il-giorno-sbagliato-perfetto\/","og_locale":"en_GB","og_type":"article","og_title":"Il giorno sbagliato\/perfetto di Giulia Palmieri-Edizioni Terra marique","og_description":"Il giorno sbagliato\/perfetto \u00e8 il racconto del periodo di cura che l\u2019autrice Giulia Palmieri ha dedicato a se stessa.","og_url":"https:\/\/www.edizioniterramarique.com\/en\/shop\/il-giorno-sbagliato-perfetto\/","og_site_name":"Edizioni Terra marique","og_image":[{"width":200,"height":284,"url":"https:\/\/www.edizioniterramarique.com\/wp-content\/uploads\/2025\/10\/Palmieri-copertina_PER-SHOP-TM.jpg","type":"image\/jpeg"}],"twitter_misc":{"Estimated reading time":"1 minute"},"schema":{"@context":"https:\/\/schema.org","@graph":[{"@type":"WebPage","@id":"https:\/\/www.edizioniterramarique.com\/shop\/il-giorno-sbagliato-perfetto\/","url":"https:\/\/www.edizioniterramarique.com\/shop\/il-giorno-sbagliato-perfetto\/","name":"Il giorno sbagliato\/perfetto di Giulia Palmieri-Edizioni Terra marique","isPartOf":{"@id":"https:\/\/www.edizioniterramarique.com\/#website"},"primaryImageOfPage":{"@id":"https:\/\/www.edizioniterramarique.com\/shop\/il-giorno-sbagliato-perfetto\/#primaryimage"},"image":{"@id":"https:\/\/www.edizioniterramarique.com\/shop\/il-giorno-sbagliato-perfetto\/#primaryimage"},"thumbnailUrl":"https:\/\/www.edizioniterramarique.com\/wp-content\/uploads\/2025\/10\/Palmieri-copertina_PER-SHOP-TM.jpg","datePublished":"2025-10-30T12:35:45+00:00","description":"Il giorno sbagliato\/perfetto \u00e8 il racconto del periodo di cura che l\u2019autrice Giulia Palmieri ha dedicato a se stessa.","breadcrumb":{"@id":"https:\/\/www.edizioniterramarique.com\/shop\/il-giorno-sbagliato-perfetto\/#breadcrumb"},"inLanguage":"en-GB","potentialAction":[{"@type":"ReadAction","target":["https:\/\/www.edizioniterramarique.com\/shop\/il-giorno-sbagliato-perfetto\/"]}]},{"@type":"ImageObject","inLanguage":"en-GB","@id":"https:\/\/www.edizioniterramarique.com\/shop\/il-giorno-sbagliato-perfetto\/#primaryimage","url":"https:\/\/www.edizioniterramarique.com\/wp-content\/uploads\/2025\/10\/Palmieri-copertina_PER-SHOP-TM.jpg","contentUrl":"https:\/\/www.edizioniterramarique.com\/wp-content\/uploads\/2025\/10\/Palmieri-copertina_PER-SHOP-TM.jpg","width":200,"height":284,"caption":"Il giorno sbagliato\/perfetto copertina"},{"@type":"BreadcrumbList","@id":"https:\/\/www.edizioniterramarique.com\/shop\/il-giorno-sbagliato-perfetto\/#breadcrumb","itemListElement":[{"@type":"ListItem","position":1,"name":"Home","item":"https:\/\/www.edizioniterramarique.com\/"},{"@type":"ListItem","position":2,"name":"Shop","item":"https:\/\/www.edizioniterramarique.com\/"},{"@type":"ListItem","position":3,"name":"Il giorno sbagliato\/perfetto"}]},{"@type":"WebSite","@id":"https:\/\/www.edizioniterramarique.com\/#website","url":"https:\/\/www.edizioniterramarique.com\/","name":"Edizioni Terra marique","description":"Edizioni Terra marique","publisher":{"@id":"https:\/\/www.edizioniterramarique.com\/#organization"},"potentialAction":[{"@type":"SearchAction","target":{"@type":"EntryPoint","urlTemplate":"https:\/\/www.edizioniterramarique.com\/?s={search_term_string}"},"query-input":{"@type":"PropertyValueSpecification","valueRequired":true,"valueName":"search_term_string"}}],"inLanguage":"en-GB"},{"@type":"Organization","@id":"https:\/\/www.edizioniterramarique.com\/#organization","name":"Edizioni Terra marique","url":"https:\/\/www.edizioniterramarique.com\/","logo":{"@type":"ImageObject","inLanguage":"en-GB","@id":"https:\/\/www.edizioniterramarique.com\/#\/schema\/logo\/image\/","url":"https:\/\/www.edizioniterramarique.com\/wp-content\/uploads\/2014\/02\/logo_web1.jpg","contentUrl":"https:\/\/www.edizioniterramarique.com\/wp-content\/uploads\/2014\/02\/logo_web1.jpg","width":200,"height":109,"caption":"Edizioni Terra marique"},"image":{"@id":"https:\/\/www.edizioniterramarique.com\/#\/schema\/logo\/image\/"}}]}},"_links":{"self":[{"href":"https:\/\/www.edizioniterramarique.com\/en\/wp-json\/wp\/v2\/product\/4157","targetHints":{"allow":["GET"]}}],"collection":[{"href":"https:\/\/www.edizioniterramarique.com\/en\/wp-json\/wp\/v2\/product"}],"about":[{"href":"https:\/\/www.edizioniterramarique.com\/en\/wp-json\/wp\/v2\/types\/product"}],"wp:featuredmedia":[{"embeddable":true,"href":"https:\/\/www.edizioniterramarique.com\/en\/wp-json\/wp\/v2\/media\/4158"}],"wp:attachment":[{"href":"https:\/\/www.edizioniterramarique.com\/en\/wp-json\/wp\/v2\/media?parent=4157"}],"wp:term":[{"taxonomy":"product_brand","embeddable":true,"href":"https:\/\/www.edizioniterramarique.com\/en\/wp-json\/wp\/v2\/product_brand?post=4157"},{"taxonomy":"product_cat","embeddable":true,"href":"https:\/\/www.edizioniterramarique.com\/en\/wp-json\/wp\/v2\/product_cat?post=4157"},{"taxonomy":"product_tag","embeddable":true,"href":"https:\/\/www.edizioniterramarique.com\/en\/wp-json\/wp\/v2\/product_tag?post=4157"}],"curies":[{"name":"wp","href":"https:\/\/api.w.org\/{rel}","templated":true}]}}

<p>“Un giorno, all’improvviso, il cuore è impazzito, il petto è diventato pesante, il respiro si è fatto corto. L’ansia è entrata nella mia vita. Poi le giornate sono diventate salite troppo faticose per essere affrontate. Meglio fermarsi, arrestare il corpo e la mente. La depressione è iniziata”.</p>
<p><em>Il giorno sbagliato/perfetto</em> è il racconto del periodo di cura che l’autrice Giulia Palmieri ha dedicato a se stessa. O forse questo libro autobiografico è la cura stessa, il risultato dell’uso della scrittura come strumento per ripercorrere il momento più buio e raccontare come la luce sia tornata.</p>

<!-- This site is optimized with the Yoast SEO plugin v26.9 - https://yoast.com/product/yoast-seo-wordpress/ -->
<title>Il giorno sbagliato/perfetto di Giulia Palmieri-Edizioni Terra marique</title>
<meta name="description" content="Il giorno sbagliato/perfetto è il racconto del periodo di cura che l’autrice Giulia Palmieri ha dedicato a se stessa." />
<meta name="robots" content="index, follow, max-snippet:-1, max-image-preview:large, max-video-preview:-1" />
<link rel="canonical" href="https://www.edizioniterramarique.com/en/shop/il-giorno-sbagliato-perfetto/" />
<meta property="og:locale" content="en_GB" />
<meta property="og:type" content="article" />
<meta property="og:title" content="Il giorno sbagliato/perfetto di Giulia Palmieri-Edizioni Terra marique" />
<meta property="og:description" content="Il giorno sbagliato/perfetto è il racconto del periodo di cura che l’autrice Giulia Palmieri ha dedicato a se stessa." />
<meta property="og:url" content="https://www.edizioniterramarique.com/en/shop/il-giorno-sbagliato-perfetto/" />
<meta property="og:site_name" content="Edizioni Terra marique" />
<meta property="og:image" content="https://www.edizioniterramarique.com/wp-content/uploads/2025/10/Palmieri-copertina_PER-SHOP-TM.jpg" />
	<meta property="og:image:width" content="200" />
	<meta property="og:image:height" content="284" />
	<meta property="og:image:type" content="image/jpeg" />
<meta name="twitter:label1" content="Estimated reading time" />
	<meta name="twitter:data1" content="1 minute" />
<script type="application/ld+json" class="yoast-schema-graph">{"@context":"https://schema.org","@graph":[{"@type":"WebPage","@id":"https://www.edizioniterramarique.com/shop/il-giorno-sbagliato-perfetto/","url":"https://www.edizioniterramarique.com/shop/il-giorno-sbagliato-perfetto/","name":"Il giorno sbagliato/perfetto di Giulia Palmieri-Edizioni Terra marique","isPartOf":{"@id":"https://www.edizioniterramarique.com/#website"},"primaryImageOfPage":{"@id":"https://www.edizioniterramarique.com/shop/il-giorno-sbagliato-perfetto/#primaryimage"},"image":{"@id":"https://www.edizioniterramarique.com/shop/il-giorno-sbagliato-perfetto/#primaryimage"},"thumbnailUrl":"https://www.edizioniterramarique.com/wp-content/uploads/2025/10/Palmieri-copertina_PER-SHOP-TM.jpg","datePublished":"2025-10-30T12:35:45+00:00","description":"Il giorno sbagliato/perfetto è il racconto del periodo di cura che l’autrice Giulia Palmieri ha dedicato a se stessa.","breadcrumb":{"@id":"https://www.edizioniterramarique.com/shop/il-giorno-sbagliato-perfetto/#breadcrumb"},"inLanguage":"en-GB","potentialAction":[{"@type":"ReadAction","target":["https://www.edizioniterramarique.com/shop/il-giorno-sbagliato-perfetto/"]}]},{"@type":"ImageObject","inLanguage":"en-GB","@id":"https://www.edizioniterramarique.com/shop/il-giorno-sbagliato-perfetto/#primaryimage","url":"https://www.edizioniterramarique.com/wp-content/uploads/2025/10/Palmieri-copertina_PER-SHOP-TM.jpg","contentUrl":"https://www.edizioniterramarique.com/wp-content/uploads/2025/10/Palmieri-copertina_PER-SHOP-TM.jpg","width":200,"height":284,"caption":"Il giorno sbagliato/perfetto copertina"},{"@type":"BreadcrumbList","@id":"https://www.edizioniterramarique.com/shop/il-giorno-sbagliato-perfetto/#breadcrumb","itemListElement":[{"@type":"ListItem","position":1,"name":"Home","item":"https://www.edizioniterramarique.com/"},{"@type":"ListItem","position":2,"name":"Shop","item":"https://www.edizioniterramarique.com/"},{"@type":"ListItem","position":3,"name":"Il giorno sbagliato/perfetto"}]},{"@type":"WebSite","@id":"https://www.edizioniterramarique.com/#website","url":"https://www.edizioniterramarique.com/","name":"Edizioni Terra marique","description":"Edizioni Terra marique","publisher":{"@id":"https://www.edizioniterramarique.com/#organization"},"potentialAction":[{"@type":"SearchAction","target":{"@type":"EntryPoint","urlTemplate":"https://www.edizioniterramarique.com/?s={search_term_string}"},"query-input":{"@type":"PropertyValueSpecification","valueRequired":true,"valueName":"search_term_string"}}],"inLanguage":"en-GB"},{"@type":"Organization","@id":"https://www.edizioniterramarique.com/#organization","name":"Edizioni Terra marique","url":"https://www.edizioniterramarique.com/","logo":{"@type":"ImageObject","inLanguage":"en-GB","@id":"https://www.edizioniterramarique.com/#/schema/logo/image/","url":"https://www.edizioniterramarique.com/wp-content/uploads/2014/02/logo_web1.jpg","contentUrl":"https://www.edizioniterramarique.com/wp-content/uploads/2014/02/logo_web1.jpg","width":200,"height":109,"caption":"Edizioni Terra marique"},"image":{"@id":"https://www.edizioniterramarique.com/#/schema/logo/image/"}}]}</script>
<!-- / Yoast SEO plugin. -->

Il giorno sbagliato/perfetto è il racconto del periodo di cura che l’autrice Giulia Palmieri ha dedicato a se stessa.
