{"id":4001,"date":"2024-06-17T17:20:11","date_gmt":"2024-06-17T15:20:11","guid":{"rendered":"https:\/\/www.edizioniterramarique.com\/?post_type=product&#038;p=4001"},"modified":"2024-06-28T10:45:06","modified_gmt":"2024-06-28T08:45:06","slug":"la-maestra-colorata","status":"publish","type":"product","link":"https:\/\/www.edizioniterramarique.com\/en\/shop\/la-maestra-colorata\/","title":{"rendered":"La maestra colorata"},"content":{"rendered":"<p>\u201cQuello che conta, Johanna, non \u00e8 l\u2019aspetto esteriore. Ricorda, i genitori sono quelli del cuore. Ci\u00f2 che sei oggi\u00a0e ci\u00f2 che sarai \u00e8 il risultato del loro amore\u201d.<\/p>\n<p>Ripensando a queste bellissime parole, piene di amore e di verit\u00e0, Johanna ha capito che, nel tempo, ha creato la mia famiglia senza dare importanza a nient\u2019altro che all\u2019amore che ha nutrito per loro.<\/p>\n<p>\u201cMi sono resa conto che ho messo al mondo e cresciuto i miei figli con la stessa dedizione e amorevolezza con cui i miei genitori hanno cresciuto me, senza pi\u00f9 chiedermi da dove venissi\u201d.<\/p>\n<p>Tutto ci\u00f2 \u00e8 raccontato nei quattro racconti che compongono questo libro. Storie tenere e delicate, ma anche piene di forza e di colori, proprio come le ali di una meravigliosa farfalla.<\/p>","protected":false},"excerpt":{"rendered":"<p>di Johanna Vitobello<br \/>\nCollana Terra Donna<br \/>\nIsbn 9791280254436<\/p>","protected":false},"featured_media":4002,"template":"","meta":[],"product_brand":[],"product_cat":[70,46,15],"product_tag":[],"class_list":{"0":"post-4001","1":"product","2":"type-product","3":"status-publish","4":"has-post-thumbnail","6":"product_cat-autobiografia","7":"product_cat-libro-illustrato","8":"product_cat-racconti","10":"first","11":"instock","12":"shipping-taxable","13":"purchasable","14":"product-type-simple"},"yoast_head":"<!-- This site is optimized with the Yoast SEO plugin v26.9 - https:\/\/yoast.com\/product\/yoast-seo-wordpress\/ -->\n<title>La maestra colorata di Johanna Vitobello<\/title>\n<meta name=\"description\" content=\"Quello che conta non \u00e8 l\u2019aspetto esteriore. Ricorda, i genitori sono quelli del cuore. Ci\u00f2 che sei oggi e ci\u00f2 che sarai \u00e8 il risultato del loro amore.\" \/>\n<meta name=\"robots\" content=\"index, follow, max-snippet:-1, max-image-preview:large, max-video-preview:-1\" \/>\n<link rel=\"canonical\" href=\"https:\/\/www.edizioniterramarique.com\/en\/shop\/la-maestra-colorata\/\" \/>\n<meta property=\"og:locale\" content=\"en_GB\" \/>\n<meta property=\"og:type\" content=\"article\" \/>\n<meta property=\"og:title\" content=\"La maestra colorata di Johanna Vitobello\" \/>\n<meta property=\"og:description\" content=\"Quello che conta non \u00e8 l\u2019aspetto esteriore. Ricorda, i genitori sono quelli del cuore. Ci\u00f2 che sei oggi e ci\u00f2 che sarai \u00e8 il risultato del loro amore.\" \/>\n<meta property=\"og:url\" content=\"https:\/\/www.edizioniterramarique.com\/en\/shop\/la-maestra-colorata\/\" \/>\n<meta property=\"og:site_name\" content=\"Edizioni Terra marique\" \/>\n<meta property=\"article:modified_time\" content=\"2024-06-28T08:45:06+00:00\" \/>\n<meta property=\"og:image\" content=\"https:\/\/www.edizioniterramarique.com\/wp-content\/uploads\/2024\/06\/Vitobello_copertina_PER-SHOP-TM.jpg\" \/>\n\t<meta property=\"og:image:width\" content=\"200\" \/>\n\t<meta property=\"og:image:height\" content=\"283\" \/>\n\t<meta property=\"og:image:type\" content=\"image\/jpeg\" \/>\n<meta name=\"twitter:label1\" content=\"Estimated reading time\" \/>\n\t<meta name=\"twitter:data1\" content=\"1 minute\" \/>\n<script type=\"application\/ld+json\" class=\"yoast-schema-graph\">{\"@context\":\"https:\/\/schema.org\",\"@graph\":[{\"@type\":\"WebPage\",\"@id\":\"https:\/\/www.edizioniterramarique.com\/shop\/la-maestra-colorata\/\",\"url\":\"https:\/\/www.edizioniterramarique.com\/shop\/la-maestra-colorata\/\",\"name\":\"La maestra colorata di Johanna Vitobello\",\"isPartOf\":{\"@id\":\"https:\/\/www.edizioniterramarique.com\/#website\"},\"primaryImageOfPage\":{\"@id\":\"https:\/\/www.edizioniterramarique.com\/shop\/la-maestra-colorata\/#primaryimage\"},\"image\":{\"@id\":\"https:\/\/www.edizioniterramarique.com\/shop\/la-maestra-colorata\/#primaryimage\"},\"thumbnailUrl\":\"https:\/\/www.edizioniterramarique.com\/wp-content\/uploads\/2024\/06\/Vitobello_copertina_PER-SHOP-TM.jpg\",\"datePublished\":\"2024-06-17T15:20:11+00:00\",\"dateModified\":\"2024-06-28T08:45:06+00:00\",\"description\":\"Quello che conta non \u00e8 l\u2019aspetto esteriore. Ricorda, i genitori sono quelli del cuore. Ci\u00f2 che sei oggi e ci\u00f2 che sarai \u00e8 il risultato del loro amore.\",\"breadcrumb\":{\"@id\":\"https:\/\/www.edizioniterramarique.com\/shop\/la-maestra-colorata\/#breadcrumb\"},\"inLanguage\":\"en-GB\",\"potentialAction\":[{\"@type\":\"ReadAction\",\"target\":[\"https:\/\/www.edizioniterramarique.com\/shop\/la-maestra-colorata\/\"]}]},{\"@type\":\"ImageObject\",\"inLanguage\":\"en-GB\",\"@id\":\"https:\/\/www.edizioniterramarique.com\/shop\/la-maestra-colorata\/#primaryimage\",\"url\":\"https:\/\/www.edizioniterramarique.com\/wp-content\/uploads\/2024\/06\/Vitobello_copertina_PER-SHOP-TM.jpg\",\"contentUrl\":\"https:\/\/www.edizioniterramarique.com\/wp-content\/uploads\/2024\/06\/Vitobello_copertina_PER-SHOP-TM.jpg\",\"width\":200,\"height\":283,\"caption\":\"Copertina La maestra colorata\"},{\"@type\":\"BreadcrumbList\",\"@id\":\"https:\/\/www.edizioniterramarique.com\/shop\/la-maestra-colorata\/#breadcrumb\",\"itemListElement\":[{\"@type\":\"ListItem\",\"position\":1,\"name\":\"Home\",\"item\":\"https:\/\/www.edizioniterramarique.com\/\"},{\"@type\":\"ListItem\",\"position\":2,\"name\":\"Shop\",\"item\":\"https:\/\/www.edizioniterramarique.com\/\"},{\"@type\":\"ListItem\",\"position\":3,\"name\":\"La maestra colorata\"}]},{\"@type\":\"WebSite\",\"@id\":\"https:\/\/www.edizioniterramarique.com\/#website\",\"url\":\"https:\/\/www.edizioniterramarique.com\/\",\"name\":\"Edizioni Terra marique\",\"description\":\"Edizioni Terra marique\",\"publisher\":{\"@id\":\"https:\/\/www.edizioniterramarique.com\/#organization\"},\"potentialAction\":[{\"@type\":\"SearchAction\",\"target\":{\"@type\":\"EntryPoint\",\"urlTemplate\":\"https:\/\/www.edizioniterramarique.com\/?s={search_term_string}\"},\"query-input\":{\"@type\":\"PropertyValueSpecification\",\"valueRequired\":true,\"valueName\":\"search_term_string\"}}],\"inLanguage\":\"en-GB\"},{\"@type\":\"Organization\",\"@id\":\"https:\/\/www.edizioniterramarique.com\/#organization\",\"name\":\"Edizioni Terra marique\",\"url\":\"https:\/\/www.edizioniterramarique.com\/\",\"logo\":{\"@type\":\"ImageObject\",\"inLanguage\":\"en-GB\",\"@id\":\"https:\/\/www.edizioniterramarique.com\/#\/schema\/logo\/image\/\",\"url\":\"https:\/\/www.edizioniterramarique.com\/wp-content\/uploads\/2014\/02\/logo_web1.jpg\",\"contentUrl\":\"https:\/\/www.edizioniterramarique.com\/wp-content\/uploads\/2014\/02\/logo_web1.jpg\",\"width\":200,\"height\":109,\"caption\":\"Edizioni Terra marique\"},\"image\":{\"@id\":\"https:\/\/www.edizioniterramarique.com\/#\/schema\/logo\/image\/\"}}]}<\/script>\n<!-- \/ Yoast SEO plugin. -->","yoast_head_json":{"title":"La maestra colorata di Johanna Vitobello","description":"Quello che conta non \u00e8 l\u2019aspetto esteriore. Ricorda, i genitori sono quelli del cuore. Ci\u00f2 che sei oggi e ci\u00f2 che sarai \u00e8 il risultato del loro amore.","robots":{"index":"index","follow":"follow","max-snippet":"max-snippet:-1","max-image-preview":"max-image-preview:large","max-video-preview":"max-video-preview:-1"},"canonical":"https:\/\/www.edizioniterramarique.com\/en\/shop\/la-maestra-colorata\/","og_locale":"en_GB","og_type":"article","og_title":"La maestra colorata di Johanna Vitobello","og_description":"Quello che conta non \u00e8 l\u2019aspetto esteriore. Ricorda, i genitori sono quelli del cuore. Ci\u00f2 che sei oggi e ci\u00f2 che sarai \u00e8 il risultato del loro amore.","og_url":"https:\/\/www.edizioniterramarique.com\/en\/shop\/la-maestra-colorata\/","og_site_name":"Edizioni Terra marique","article_modified_time":"2024-06-28T08:45:06+00:00","og_image":[{"width":200,"height":283,"url":"https:\/\/www.edizioniterramarique.com\/wp-content\/uploads\/2024\/06\/Vitobello_copertina_PER-SHOP-TM.jpg","type":"image\/jpeg"}],"twitter_misc":{"Estimated reading time":"1 minute"},"schema":{"@context":"https:\/\/schema.org","@graph":[{"@type":"WebPage","@id":"https:\/\/www.edizioniterramarique.com\/shop\/la-maestra-colorata\/","url":"https:\/\/www.edizioniterramarique.com\/shop\/la-maestra-colorata\/","name":"La maestra colorata di Johanna Vitobello","isPartOf":{"@id":"https:\/\/www.edizioniterramarique.com\/#website"},"primaryImageOfPage":{"@id":"https:\/\/www.edizioniterramarique.com\/shop\/la-maestra-colorata\/#primaryimage"},"image":{"@id":"https:\/\/www.edizioniterramarique.com\/shop\/la-maestra-colorata\/#primaryimage"},"thumbnailUrl":"https:\/\/www.edizioniterramarique.com\/wp-content\/uploads\/2024\/06\/Vitobello_copertina_PER-SHOP-TM.jpg","datePublished":"2024-06-17T15:20:11+00:00","dateModified":"2024-06-28T08:45:06+00:00","description":"Quello che conta non \u00e8 l\u2019aspetto esteriore. Ricorda, i genitori sono quelli del cuore. Ci\u00f2 che sei oggi e ci\u00f2 che sarai \u00e8 il risultato del loro amore.","breadcrumb":{"@id":"https:\/\/www.edizioniterramarique.com\/shop\/la-maestra-colorata\/#breadcrumb"},"inLanguage":"en-GB","potentialAction":[{"@type":"ReadAction","target":["https:\/\/www.edizioniterramarique.com\/shop\/la-maestra-colorata\/"]}]},{"@type":"ImageObject","inLanguage":"en-GB","@id":"https:\/\/www.edizioniterramarique.com\/shop\/la-maestra-colorata\/#primaryimage","url":"https:\/\/www.edizioniterramarique.com\/wp-content\/uploads\/2024\/06\/Vitobello_copertina_PER-SHOP-TM.jpg","contentUrl":"https:\/\/www.edizioniterramarique.com\/wp-content\/uploads\/2024\/06\/Vitobello_copertina_PER-SHOP-TM.jpg","width":200,"height":283,"caption":"Copertina La maestra colorata"},{"@type":"BreadcrumbList","@id":"https:\/\/www.edizioniterramarique.com\/shop\/la-maestra-colorata\/#breadcrumb","itemListElement":[{"@type":"ListItem","position":1,"name":"Home","item":"https:\/\/www.edizioniterramarique.com\/"},{"@type":"ListItem","position":2,"name":"Shop","item":"https:\/\/www.edizioniterramarique.com\/"},{"@type":"ListItem","position":3,"name":"La maestra colorata"}]},{"@type":"WebSite","@id":"https:\/\/www.edizioniterramarique.com\/#website","url":"https:\/\/www.edizioniterramarique.com\/","name":"Edizioni Terra marique","description":"Edizioni Terra marique","publisher":{"@id":"https:\/\/www.edizioniterramarique.com\/#organization"},"potentialAction":[{"@type":"SearchAction","target":{"@type":"EntryPoint","urlTemplate":"https:\/\/www.edizioniterramarique.com\/?s={search_term_string}"},"query-input":{"@type":"PropertyValueSpecification","valueRequired":true,"valueName":"search_term_string"}}],"inLanguage":"en-GB"},{"@type":"Organization","@id":"https:\/\/www.edizioniterramarique.com\/#organization","name":"Edizioni Terra marique","url":"https:\/\/www.edizioniterramarique.com\/","logo":{"@type":"ImageObject","inLanguage":"en-GB","@id":"https:\/\/www.edizioniterramarique.com\/#\/schema\/logo\/image\/","url":"https:\/\/www.edizioniterramarique.com\/wp-content\/uploads\/2014\/02\/logo_web1.jpg","contentUrl":"https:\/\/www.edizioniterramarique.com\/wp-content\/uploads\/2014\/02\/logo_web1.jpg","width":200,"height":109,"caption":"Edizioni Terra marique"},"image":{"@id":"https:\/\/www.edizioniterramarique.com\/#\/schema\/logo\/image\/"}}]}},"_links":{"self":[{"href":"https:\/\/www.edizioniterramarique.com\/en\/wp-json\/wp\/v2\/product\/4001","targetHints":{"allow":["GET"]}}],"collection":[{"href":"https:\/\/www.edizioniterramarique.com\/en\/wp-json\/wp\/v2\/product"}],"about":[{"href":"https:\/\/www.edizioniterramarique.com\/en\/wp-json\/wp\/v2\/types\/product"}],"wp:featuredmedia":[{"embeddable":true,"href":"https:\/\/www.edizioniterramarique.com\/en\/wp-json\/wp\/v2\/media\/4002"}],"wp:attachment":[{"href":"https:\/\/www.edizioniterramarique.com\/en\/wp-json\/wp\/v2\/media?parent=4001"}],"wp:term":[{"taxonomy":"product_brand","embeddable":true,"href":"https:\/\/www.edizioniterramarique.com\/en\/wp-json\/wp\/v2\/product_brand?post=4001"},{"taxonomy":"product_cat","embeddable":true,"href":"https:\/\/www.edizioniterramarique.com\/en\/wp-json\/wp\/v2\/product_cat?post=4001"},{"taxonomy":"product_tag","embeddable":true,"href":"https:\/\/www.edizioniterramarique.com\/en\/wp-json\/wp\/v2\/product_tag?post=4001"}],"curies":[{"name":"wp","href":"https:\/\/api.w.org\/{rel}","templated":true}]}}

<p>“Quello che conta, Johanna, non è l’aspetto esteriore. Ricorda, i genitori sono quelli del cuore. Ciò che sei oggi e ciò che sarai è il risultato del loro amore”.</p>
<p>Ripensando a queste bellissime parole, piene di amore e di verità, Johanna ha capito che, nel tempo, ha creato la mia famiglia senza dare importanza a nient’altro che all’amore che ha nutrito per loro.</p>
<p>“Mi sono resa conto che ho messo al mondo e cresciuto i miei figli con la stessa dedizione e amorevolezza con cui i miei genitori hanno cresciuto me, senza più chiedermi da dove venissi”.</p>
<p>Tutto ciò è raccontato nei quattro racconti che compongono questo libro. Storie tenere e delicate, ma anche piene di forza e di colori, proprio come le ali di una meravigliosa farfalla.</p>

<!-- This site is optimized with the Yoast SEO plugin v26.9 - https://yoast.com/product/yoast-seo-wordpress/ -->
<title>La maestra colorata di Johanna Vitobello</title>
<meta name="description" content="Quello che conta non è l’aspetto esteriore. Ricorda, i genitori sono quelli del cuore. Ciò che sei oggi e ciò che sarai è il risultato del loro amore." />
<meta name="robots" content="index, follow, max-snippet:-1, max-image-preview:large, max-video-preview:-1" />
<link rel="canonical" href="https://www.edizioniterramarique.com/en/shop/la-maestra-colorata/" />
<meta property="og:locale" content="en_GB" />
<meta property="og:type" content="article" />
<meta property="og:title" content="La maestra colorata di Johanna Vitobello" />
<meta property="og:description" content="Quello che conta non è l’aspetto esteriore. Ricorda, i genitori sono quelli del cuore. Ciò che sei oggi e ciò che sarai è il risultato del loro amore." />
<meta property="og:url" content="https://www.edizioniterramarique.com/en/shop/la-maestra-colorata/" />
<meta property="og:site_name" content="Edizioni Terra marique" />
<meta property="article:modified_time" content="2024-06-28T08:45:06+00:00" />
<meta property="og:image" content="https://www.edizioniterramarique.com/wp-content/uploads/2024/06/Vitobello_copertina_PER-SHOP-TM.jpg" />
	<meta property="og:image:width" content="200" />
	<meta property="og:image:height" content="283" />
	<meta property="og:image:type" content="image/jpeg" />
<meta name="twitter:label1" content="Estimated reading time" />
	<meta name="twitter:data1" content="1 minute" />
<script type="application/ld+json" class="yoast-schema-graph">{"@context":"https://schema.org","@graph":[{"@type":"WebPage","@id":"https://www.edizioniterramarique.com/shop/la-maestra-colorata/","url":"https://www.edizioniterramarique.com/shop/la-maestra-colorata/","name":"La maestra colorata di Johanna Vitobello","isPartOf":{"@id":"https://www.edizioniterramarique.com/#website"},"primaryImageOfPage":{"@id":"https://www.edizioniterramarique.com/shop/la-maestra-colorata/#primaryimage"},"image":{"@id":"https://www.edizioniterramarique.com/shop/la-maestra-colorata/#primaryimage"},"thumbnailUrl":"https://www.edizioniterramarique.com/wp-content/uploads/2024/06/Vitobello_copertina_PER-SHOP-TM.jpg","datePublished":"2024-06-17T15:20:11+00:00","dateModified":"2024-06-28T08:45:06+00:00","description":"Quello che conta non è l’aspetto esteriore. Ricorda, i genitori sono quelli del cuore. Ciò che sei oggi e ciò che sarai è il risultato del loro amore.","breadcrumb":{"@id":"https://www.edizioniterramarique.com/shop/la-maestra-colorata/#breadcrumb"},"inLanguage":"en-GB","potentialAction":[{"@type":"ReadAction","target":["https://www.edizioniterramarique.com/shop/la-maestra-colorata/"]}]},{"@type":"ImageObject","inLanguage":"en-GB","@id":"https://www.edizioniterramarique.com/shop/la-maestra-colorata/#primaryimage","url":"https://www.edizioniterramarique.com/wp-content/uploads/2024/06/Vitobello_copertina_PER-SHOP-TM.jpg","contentUrl":"https://www.edizioniterramarique.com/wp-content/uploads/2024/06/Vitobello_copertina_PER-SHOP-TM.jpg","width":200,"height":283,"caption":"Copertina La maestra colorata"},{"@type":"BreadcrumbList","@id":"https://www.edizioniterramarique.com/shop/la-maestra-colorata/#breadcrumb","itemListElement":[{"@type":"ListItem","position":1,"name":"Home","item":"https://www.edizioniterramarique.com/"},{"@type":"ListItem","position":2,"name":"Shop","item":"https://www.edizioniterramarique.com/"},{"@type":"ListItem","position":3,"name":"La maestra colorata"}]},{"@type":"WebSite","@id":"https://www.edizioniterramarique.com/#website","url":"https://www.edizioniterramarique.com/","name":"Edizioni Terra marique","description":"Edizioni Terra marique","publisher":{"@id":"https://www.edizioniterramarique.com/#organization"},"potentialAction":[{"@type":"SearchAction","target":{"@type":"EntryPoint","urlTemplate":"https://www.edizioniterramarique.com/?s={search_term_string}"},"query-input":{"@type":"PropertyValueSpecification","valueRequired":true,"valueName":"search_term_string"}}],"inLanguage":"en-GB"},{"@type":"Organization","@id":"https://www.edizioniterramarique.com/#organization","name":"Edizioni Terra marique","url":"https://www.edizioniterramarique.com/","logo":{"@type":"ImageObject","inLanguage":"en-GB","@id":"https://www.edizioniterramarique.com/#/schema/logo/image/","url":"https://www.edizioniterramarique.com/wp-content/uploads/2014/02/logo_web1.jpg","contentUrl":"https://www.edizioniterramarique.com/wp-content/uploads/2014/02/logo_web1.jpg","width":200,"height":109,"caption":"Edizioni Terra marique"},"image":{"@id":"https://www.edizioniterramarique.com/#/schema/logo/image/"}}]}</script>
<!-- / Yoast SEO plugin. -->

Quello che conta non è l’aspetto esteriore. Ricorda, i genitori sono quelli del cuore. Ciò che sei oggi e ciò che sarai è il risultato del loro amore.
