{"id":1399,"date":"2018-11-18T22:40:03","date_gmt":"2018-11-18T21:40:03","guid":{"rendered":"https:\/\/www.edizioniterramarique.com\/?post_type=product&#038;p=1399"},"modified":"2023-02-07T14:01:08","modified_gmt":"2023-02-07T13:01:08","slug":"il-sarto-di-monet","status":"publish","type":"product","link":"https:\/\/www.edizioniterramarique.com\/en\/shop\/il-sarto-di-monet\/","title":{"rendered":"Il sarto di Monet"},"content":{"rendered":"<p>Due giovani storici dell\u2019arte, Simon Cember e Sandra Celli, entrano in possesso di alcuni documenti lasciati dal professor Anthony Matree, ucciso nella sua casa di Londra, perch\u00e9 molto vicino al ritrovamento di trenta quadri di Claude Monet, spediti dal pittore verso una destinazione misteriosa nel marzo del 1912.<br \/>\nI due, cercando di riannodare i fili di una storia che diventa sempre pi\u00f9 enigmatica, mettono a repentaglio le proprie vite in nome della promessa di terminare il lavoro del loro mentore.<br \/>\nBraccati dal killer del professor Matree, partono da Londra per arrivare a Bordighera: quello che scoprono potrebbe metterli sulla strada giusta, strada che porta al nome di Adelmo Negrini. Cosa lega un sarto bolognese al maestro dell\u2019impressionismo?<br \/>\nQuesta \u00e8 la domanda alla quale Simon e Sandra cercano di dare risposta arrivando a Bologna. La citt\u00e0 felsinea, magica come i suoi portici, misteriosa come i suoi vicoli, sar\u00e0 il palcoscenico sul quale i due giovani lotteranno per la vita pur di scoprire la verit\u00e0.<\/p>","protected":false},"excerpt":{"rendered":"<p>di Michele Attanasio<br \/>\nCollana Voci narranti<br \/>\nISBN\u00a09788897712770<\/p>","protected":false},"featured_media":1400,"template":"","meta":[],"product_brand":[],"product_cat":[16,20],"product_tag":[],"class_list":{"0":"post-1399","1":"product","2":"type-product","3":"status-publish","4":"has-post-thumbnail","6":"product_cat-romanzi","7":"product_cat-thriller","9":"first","10":"outofstock","11":"shipping-taxable","12":"purchasable","13":"product-type-simple"},"yoast_head":"<!-- This site is optimized with the Yoast SEO plugin v26.9 - https:\/\/yoast.com\/product\/yoast-seo-wordpress\/ -->\n<title>Il sarto di Monet &#8226; Edizioni Terra marique<\/title>\n<meta name=\"robots\" content=\"index, follow, max-snippet:-1, max-image-preview:large, max-video-preview:-1\" \/>\n<link rel=\"canonical\" href=\"https:\/\/www.edizioniterramarique.com\/en\/shop\/il-sarto-di-monet\/\" \/>\n<meta property=\"og:locale\" content=\"en_GB\" \/>\n<meta property=\"og:type\" content=\"article\" \/>\n<meta property=\"og:title\" content=\"Il sarto di Monet &#8226; Edizioni Terra marique\" \/>\n<meta property=\"og:description\" content=\"di Michele Attanasio Collana Voci narranti ISBN\u00a09788897712770\" \/>\n<meta property=\"og:url\" content=\"https:\/\/www.edizioniterramarique.com\/en\/shop\/il-sarto-di-monet\/\" \/>\n<meta property=\"og:site_name\" content=\"Edizioni Terra marique\" \/>\n<meta property=\"article:modified_time\" content=\"2023-02-07T13:01:08+00:00\" \/>\n<meta property=\"og:image\" content=\"https:\/\/www.edizioniterramarique.com\/wp-content\/uploads\/2018\/11\/COP_il_sarto_di_monet_PER-SITO-TM.jpg\" \/>\n\t<meta property=\"og:image:width\" content=\"200\" \/>\n\t<meta property=\"og:image:height\" content=\"291\" \/>\n\t<meta property=\"og:image:type\" content=\"image\/jpeg\" \/>\n<meta name=\"twitter:label1\" content=\"Estimated reading time\" \/>\n\t<meta name=\"twitter:data1\" content=\"1 minute\" \/>\n<script type=\"application\/ld+json\" class=\"yoast-schema-graph\">{\"@context\":\"https:\/\/schema.org\",\"@graph\":[{\"@type\":\"WebPage\",\"@id\":\"https:\/\/www.edizioniterramarique.com\/shop\/il-sarto-di-monet\/\",\"url\":\"https:\/\/www.edizioniterramarique.com\/shop\/il-sarto-di-monet\/\",\"name\":\"Il sarto di Monet &#8226; Edizioni Terra marique\",\"isPartOf\":{\"@id\":\"https:\/\/www.edizioniterramarique.com\/#website\"},\"primaryImageOfPage\":{\"@id\":\"https:\/\/www.edizioniterramarique.com\/shop\/il-sarto-di-monet\/#primaryimage\"},\"image\":{\"@id\":\"https:\/\/www.edizioniterramarique.com\/shop\/il-sarto-di-monet\/#primaryimage\"},\"thumbnailUrl\":\"https:\/\/www.edizioniterramarique.com\/wp-content\/uploads\/2018\/11\/COP_il_sarto_di_monet_PER-SITO-TM.jpg\",\"datePublished\":\"2018-11-18T21:40:03+00:00\",\"dateModified\":\"2023-02-07T13:01:08+00:00\",\"breadcrumb\":{\"@id\":\"https:\/\/www.edizioniterramarique.com\/shop\/il-sarto-di-monet\/#breadcrumb\"},\"inLanguage\":\"en-GB\",\"potentialAction\":[{\"@type\":\"ReadAction\",\"target\":[\"https:\/\/www.edizioniterramarique.com\/shop\/il-sarto-di-monet\/\"]}]},{\"@type\":\"ImageObject\",\"inLanguage\":\"en-GB\",\"@id\":\"https:\/\/www.edizioniterramarique.com\/shop\/il-sarto-di-monet\/#primaryimage\",\"url\":\"https:\/\/www.edizioniterramarique.com\/wp-content\/uploads\/2018\/11\/COP_il_sarto_di_monet_PER-SITO-TM.jpg\",\"contentUrl\":\"https:\/\/www.edizioniterramarique.com\/wp-content\/uploads\/2018\/11\/COP_il_sarto_di_monet_PER-SITO-TM.jpg\",\"width\":200,\"height\":291},{\"@type\":\"BreadcrumbList\",\"@id\":\"https:\/\/www.edizioniterramarique.com\/shop\/il-sarto-di-monet\/#breadcrumb\",\"itemListElement\":[{\"@type\":\"ListItem\",\"position\":1,\"name\":\"Home\",\"item\":\"https:\/\/www.edizioniterramarique.com\/\"},{\"@type\":\"ListItem\",\"position\":2,\"name\":\"Shop\",\"item\":\"https:\/\/www.edizioniterramarique.com\/\"},{\"@type\":\"ListItem\",\"position\":3,\"name\":\"Il sarto di Monet\"}]},{\"@type\":\"WebSite\",\"@id\":\"https:\/\/www.edizioniterramarique.com\/#website\",\"url\":\"https:\/\/www.edizioniterramarique.com\/\",\"name\":\"Edizioni Terra marique\",\"description\":\"Edizioni Terra marique\",\"publisher\":{\"@id\":\"https:\/\/www.edizioniterramarique.com\/#organization\"},\"potentialAction\":[{\"@type\":\"SearchAction\",\"target\":{\"@type\":\"EntryPoint\",\"urlTemplate\":\"https:\/\/www.edizioniterramarique.com\/?s={search_term_string}\"},\"query-input\":{\"@type\":\"PropertyValueSpecification\",\"valueRequired\":true,\"valueName\":\"search_term_string\"}}],\"inLanguage\":\"en-GB\"},{\"@type\":\"Organization\",\"@id\":\"https:\/\/www.edizioniterramarique.com\/#organization\",\"name\":\"Edizioni Terra marique\",\"url\":\"https:\/\/www.edizioniterramarique.com\/\",\"logo\":{\"@type\":\"ImageObject\",\"inLanguage\":\"en-GB\",\"@id\":\"https:\/\/www.edizioniterramarique.com\/#\/schema\/logo\/image\/\",\"url\":\"https:\/\/www.edizioniterramarique.com\/wp-content\/uploads\/2014\/02\/logo_web1.jpg\",\"contentUrl\":\"https:\/\/www.edizioniterramarique.com\/wp-content\/uploads\/2014\/02\/logo_web1.jpg\",\"width\":200,\"height\":109,\"caption\":\"Edizioni Terra marique\"},\"image\":{\"@id\":\"https:\/\/www.edizioniterramarique.com\/#\/schema\/logo\/image\/\"}}]}<\/script>\n<!-- \/ Yoast SEO plugin. -->","yoast_head_json":{"title":"Il sarto di Monet &#8226; Edizioni Terra marique","robots":{"index":"index","follow":"follow","max-snippet":"max-snippet:-1","max-image-preview":"max-image-preview:large","max-video-preview":"max-video-preview:-1"},"canonical":"https:\/\/www.edizioniterramarique.com\/en\/shop\/il-sarto-di-monet\/","og_locale":"en_GB","og_type":"article","og_title":"Il sarto di Monet &#8226; Edizioni Terra marique","og_description":"di Michele Attanasio Collana Voci narranti ISBN\u00a09788897712770","og_url":"https:\/\/www.edizioniterramarique.com\/en\/shop\/il-sarto-di-monet\/","og_site_name":"Edizioni Terra marique","article_modified_time":"2023-02-07T13:01:08+00:00","og_image":[{"width":200,"height":291,"url":"https:\/\/www.edizioniterramarique.com\/wp-content\/uploads\/2018\/11\/COP_il_sarto_di_monet_PER-SITO-TM.jpg","type":"image\/jpeg"}],"twitter_misc":{"Estimated reading time":"1 minute"},"schema":{"@context":"https:\/\/schema.org","@graph":[{"@type":"WebPage","@id":"https:\/\/www.edizioniterramarique.com\/shop\/il-sarto-di-monet\/","url":"https:\/\/www.edizioniterramarique.com\/shop\/il-sarto-di-monet\/","name":"Il sarto di Monet &#8226; Edizioni Terra marique","isPartOf":{"@id":"https:\/\/www.edizioniterramarique.com\/#website"},"primaryImageOfPage":{"@id":"https:\/\/www.edizioniterramarique.com\/shop\/il-sarto-di-monet\/#primaryimage"},"image":{"@id":"https:\/\/www.edizioniterramarique.com\/shop\/il-sarto-di-monet\/#primaryimage"},"thumbnailUrl":"https:\/\/www.edizioniterramarique.com\/wp-content\/uploads\/2018\/11\/COP_il_sarto_di_monet_PER-SITO-TM.jpg","datePublished":"2018-11-18T21:40:03+00:00","dateModified":"2023-02-07T13:01:08+00:00","breadcrumb":{"@id":"https:\/\/www.edizioniterramarique.com\/shop\/il-sarto-di-monet\/#breadcrumb"},"inLanguage":"en-GB","potentialAction":[{"@type":"ReadAction","target":["https:\/\/www.edizioniterramarique.com\/shop\/il-sarto-di-monet\/"]}]},{"@type":"ImageObject","inLanguage":"en-GB","@id":"https:\/\/www.edizioniterramarique.com\/shop\/il-sarto-di-monet\/#primaryimage","url":"https:\/\/www.edizioniterramarique.com\/wp-content\/uploads\/2018\/11\/COP_il_sarto_di_monet_PER-SITO-TM.jpg","contentUrl":"https:\/\/www.edizioniterramarique.com\/wp-content\/uploads\/2018\/11\/COP_il_sarto_di_monet_PER-SITO-TM.jpg","width":200,"height":291},{"@type":"BreadcrumbList","@id":"https:\/\/www.edizioniterramarique.com\/shop\/il-sarto-di-monet\/#breadcrumb","itemListElement":[{"@type":"ListItem","position":1,"name":"Home","item":"https:\/\/www.edizioniterramarique.com\/"},{"@type":"ListItem","position":2,"name":"Shop","item":"https:\/\/www.edizioniterramarique.com\/"},{"@type":"ListItem","position":3,"name":"Il sarto di Monet"}]},{"@type":"WebSite","@id":"https:\/\/www.edizioniterramarique.com\/#website","url":"https:\/\/www.edizioniterramarique.com\/","name":"Edizioni Terra marique","description":"Edizioni Terra marique","publisher":{"@id":"https:\/\/www.edizioniterramarique.com\/#organization"},"potentialAction":[{"@type":"SearchAction","target":{"@type":"EntryPoint","urlTemplate":"https:\/\/www.edizioniterramarique.com\/?s={search_term_string}"},"query-input":{"@type":"PropertyValueSpecification","valueRequired":true,"valueName":"search_term_string"}}],"inLanguage":"en-GB"},{"@type":"Organization","@id":"https:\/\/www.edizioniterramarique.com\/#organization","name":"Edizioni Terra marique","url":"https:\/\/www.edizioniterramarique.com\/","logo":{"@type":"ImageObject","inLanguage":"en-GB","@id":"https:\/\/www.edizioniterramarique.com\/#\/schema\/logo\/image\/","url":"https:\/\/www.edizioniterramarique.com\/wp-content\/uploads\/2014\/02\/logo_web1.jpg","contentUrl":"https:\/\/www.edizioniterramarique.com\/wp-content\/uploads\/2014\/02\/logo_web1.jpg","width":200,"height":109,"caption":"Edizioni Terra marique"},"image":{"@id":"https:\/\/www.edizioniterramarique.com\/#\/schema\/logo\/image\/"}}]}},"_links":{"self":[{"href":"https:\/\/www.edizioniterramarique.com\/en\/wp-json\/wp\/v2\/product\/1399","targetHints":{"allow":["GET"]}}],"collection":[{"href":"https:\/\/www.edizioniterramarique.com\/en\/wp-json\/wp\/v2\/product"}],"about":[{"href":"https:\/\/www.edizioniterramarique.com\/en\/wp-json\/wp\/v2\/types\/product"}],"wp:featuredmedia":[{"embeddable":true,"href":"https:\/\/www.edizioniterramarique.com\/en\/wp-json\/wp\/v2\/media\/1400"}],"wp:attachment":[{"href":"https:\/\/www.edizioniterramarique.com\/en\/wp-json\/wp\/v2\/media?parent=1399"}],"wp:term":[{"taxonomy":"product_brand","embeddable":true,"href":"https:\/\/www.edizioniterramarique.com\/en\/wp-json\/wp\/v2\/product_brand?post=1399"},{"taxonomy":"product_cat","embeddable":true,"href":"https:\/\/www.edizioniterramarique.com\/en\/wp-json\/wp\/v2\/product_cat?post=1399"},{"taxonomy":"product_tag","embeddable":true,"href":"https:\/\/www.edizioniterramarique.com\/en\/wp-json\/wp\/v2\/product_tag?post=1399"}],"curies":[{"name":"wp","href":"https:\/\/api.w.org\/{rel}","templated":true}]}}

<p>Due giovani storici dell’arte, Simon Cember e Sandra Celli, entrano in possesso di alcuni documenti lasciati dal professor Anthony Matree, ucciso nella sua casa di Londra, perché molto vicino al ritrovamento di trenta quadri di Claude Monet, spediti dal pittore verso una destinazione misteriosa nel marzo del 1912.<br />
I due, cercando di riannodare i fili di una storia che diventa sempre più enigmatica, mettono a repentaglio le proprie vite in nome della promessa di terminare il lavoro del loro mentore.<br />
Braccati dal killer del professor Matree, partono da Londra per arrivare a Bordighera: quello che scoprono potrebbe metterli sulla strada giusta, strada che porta al nome di Adelmo Negrini. Cosa lega un sarto bolognese al maestro dell’impressionismo?<br />
Questa è la domanda alla quale Simon e Sandra cercano di dare risposta arrivando a Bologna. La città felsinea, magica come i suoi portici, misteriosa come i suoi vicoli, sarà il palcoscenico sul quale i due giovani lotteranno per la vita pur di scoprire la verità.</p>
