{"id":1341,"date":"2018-06-27T18:23:12","date_gmt":"2018-06-27T16:23:12","guid":{"rendered":"https:\/\/www.edizioniterramarique.com\/?post_type=product&#038;p=1341"},"modified":"2018-06-27T18:24:36","modified_gmt":"2018-06-27T16:24:36","slug":"il-tempo-sospeso","status":"publish","type":"product","link":"https:\/\/www.edizioniterramarique.com\/en\/shop\/il-tempo-sospeso\/","title":{"rendered":"Il tempo sospeso"},"content":{"rendered":"<p>Tante storie rimangono a mezz\u2019aria in attesa di essere narrate. Nasce cos\u00ec questa raccolta di racconti, nella quale ogni vicenda porta in s\u00e9 la sensazione di qualcosa che ci \u00e8 sfuggito e che resta tra il vissuto e l\u2019onirico, tra il presente appena trascorso e il lontano ricordo.<br \/>\nTornano alla memoria la salsedine, il profumo di un gelsomino fiorito, la gioia per una figlia desiderata nonostante le convenzioni.<br \/>\nIl sapore agrodolce di tempi lontani, in cui i sogni e gli ideali avevano un loro spessore e niente era ancora accaduto, rivive in forma di suggestioni, cartoline in bianco e nero.<br \/>\nIl tempo sfugge anche nella vita di oggi, con le sue contraddizioni di scelte sbagliate, di un mondo che avanza ponendoci interrogativi, di amori che non hanno avuto modo di viversi e che si rincorrono nell\u2019attesa di un attimo che non giunger\u00e0 mai.<br \/>\nTracce di quel \u201ctempo sospeso\u201d che impone di scendere dal turbinio del quotidiano per fermarsi a ritrovare un\u2019emozione, un sapore, uno scatto, un moto dell\u2019animo.<\/p>\n<p>&nbsp;<\/p>","protected":false},"excerpt":{"rendered":"<p>di Francesca Varagona<br \/>\nCollana Voci narranti<br \/>\nISBN 9788897712701<\/p>","protected":false},"featured_media":1342,"template":"","meta":[],"product_brand":[],"product_cat":[15],"product_tag":[],"class_list":{"0":"post-1341","1":"product","2":"type-product","3":"status-publish","4":"has-post-thumbnail","6":"product_cat-racconti","8":"first","9":"instock","10":"shipping-taxable","11":"purchasable","12":"product-type-simple"},"yoast_head":"<!-- This site is optimized with the Yoast SEO plugin v26.9 - https:\/\/yoast.com\/product\/yoast-seo-wordpress\/ -->\n<title>Il tempo sospeso &#8226; Edizioni Terra marique<\/title>\n<meta name=\"robots\" content=\"index, follow, max-snippet:-1, max-image-preview:large, max-video-preview:-1\" \/>\n<link rel=\"canonical\" href=\"https:\/\/www.edizioniterramarique.com\/en\/shop\/il-tempo-sospeso\/\" \/>\n<meta property=\"og:locale\" content=\"en_GB\" \/>\n<meta property=\"og:type\" content=\"article\" \/>\n<meta property=\"og:title\" content=\"Il tempo sospeso &#8226; Edizioni Terra marique\" \/>\n<meta property=\"og:description\" content=\"di Francesca Varagona Collana Voci narranti ISBN 9788897712701\" \/>\n<meta property=\"og:url\" content=\"https:\/\/www.edizioniterramarique.com\/en\/shop\/il-tempo-sospeso\/\" \/>\n<meta property=\"og:site_name\" content=\"Edizioni Terra marique\" \/>\n<meta property=\"article:modified_time\" content=\"2018-06-27T16:24:36+00:00\" \/>\n<meta property=\"og:image\" content=\"https:\/\/www.edizioniterramarique.com\/wp-content\/uploads\/2018\/06\/COP_il_tempo_sospeso-PER-SITO-TM.jpg\" \/>\n\t<meta property=\"og:image:width\" content=\"200\" \/>\n\t<meta property=\"og:image:height\" content=\"288\" \/>\n\t<meta property=\"og:image:type\" content=\"image\/jpeg\" \/>\n<meta name=\"twitter:label1\" content=\"Estimated reading time\" \/>\n\t<meta name=\"twitter:data1\" content=\"1 minute\" \/>\n<script type=\"application\/ld+json\" class=\"yoast-schema-graph\">{\"@context\":\"https:\/\/schema.org\",\"@graph\":[{\"@type\":\"WebPage\",\"@id\":\"https:\/\/www.edizioniterramarique.com\/shop\/il-tempo-sospeso\/\",\"url\":\"https:\/\/www.edizioniterramarique.com\/shop\/il-tempo-sospeso\/\",\"name\":\"Il tempo sospeso &#8226; Edizioni Terra marique\",\"isPartOf\":{\"@id\":\"https:\/\/www.edizioniterramarique.com\/#website\"},\"primaryImageOfPage\":{\"@id\":\"https:\/\/www.edizioniterramarique.com\/shop\/il-tempo-sospeso\/#primaryimage\"},\"image\":{\"@id\":\"https:\/\/www.edizioniterramarique.com\/shop\/il-tempo-sospeso\/#primaryimage\"},\"thumbnailUrl\":\"https:\/\/www.edizioniterramarique.com\/wp-content\/uploads\/2018\/06\/COP_il_tempo_sospeso-PER-SITO-TM.jpg\",\"datePublished\":\"2018-06-27T16:23:12+00:00\",\"dateModified\":\"2018-06-27T16:24:36+00:00\",\"breadcrumb\":{\"@id\":\"https:\/\/www.edizioniterramarique.com\/shop\/il-tempo-sospeso\/#breadcrumb\"},\"inLanguage\":\"en-GB\",\"potentialAction\":[{\"@type\":\"ReadAction\",\"target\":[\"https:\/\/www.edizioniterramarique.com\/shop\/il-tempo-sospeso\/\"]}]},{\"@type\":\"ImageObject\",\"inLanguage\":\"en-GB\",\"@id\":\"https:\/\/www.edizioniterramarique.com\/shop\/il-tempo-sospeso\/#primaryimage\",\"url\":\"https:\/\/www.edizioniterramarique.com\/wp-content\/uploads\/2018\/06\/COP_il_tempo_sospeso-PER-SITO-TM.jpg\",\"contentUrl\":\"https:\/\/www.edizioniterramarique.com\/wp-content\/uploads\/2018\/06\/COP_il_tempo_sospeso-PER-SITO-TM.jpg\",\"width\":200,\"height\":288},{\"@type\":\"BreadcrumbList\",\"@id\":\"https:\/\/www.edizioniterramarique.com\/shop\/il-tempo-sospeso\/#breadcrumb\",\"itemListElement\":[{\"@type\":\"ListItem\",\"position\":1,\"name\":\"Home\",\"item\":\"https:\/\/www.edizioniterramarique.com\/\"},{\"@type\":\"ListItem\",\"position\":2,\"name\":\"Shop\",\"item\":\"https:\/\/www.edizioniterramarique.com\/\"},{\"@type\":\"ListItem\",\"position\":3,\"name\":\"Il tempo sospeso\"}]},{\"@type\":\"WebSite\",\"@id\":\"https:\/\/www.edizioniterramarique.com\/#website\",\"url\":\"https:\/\/www.edizioniterramarique.com\/\",\"name\":\"Edizioni Terra marique\",\"description\":\"Edizioni Terra marique\",\"publisher\":{\"@id\":\"https:\/\/www.edizioniterramarique.com\/#organization\"},\"potentialAction\":[{\"@type\":\"SearchAction\",\"target\":{\"@type\":\"EntryPoint\",\"urlTemplate\":\"https:\/\/www.edizioniterramarique.com\/?s={search_term_string}\"},\"query-input\":{\"@type\":\"PropertyValueSpecification\",\"valueRequired\":true,\"valueName\":\"search_term_string\"}}],\"inLanguage\":\"en-GB\"},{\"@type\":\"Organization\",\"@id\":\"https:\/\/www.edizioniterramarique.com\/#organization\",\"name\":\"Edizioni Terra marique\",\"url\":\"https:\/\/www.edizioniterramarique.com\/\",\"logo\":{\"@type\":\"ImageObject\",\"inLanguage\":\"en-GB\",\"@id\":\"https:\/\/www.edizioniterramarique.com\/#\/schema\/logo\/image\/\",\"url\":\"https:\/\/www.edizioniterramarique.com\/wp-content\/uploads\/2014\/02\/logo_web1.jpg\",\"contentUrl\":\"https:\/\/www.edizioniterramarique.com\/wp-content\/uploads\/2014\/02\/logo_web1.jpg\",\"width\":200,\"height\":109,\"caption\":\"Edizioni Terra marique\"},\"image\":{\"@id\":\"https:\/\/www.edizioniterramarique.com\/#\/schema\/logo\/image\/\"}}]}<\/script>\n<!-- \/ Yoast SEO plugin. -->","yoast_head_json":{"title":"Il tempo sospeso &#8226; Edizioni Terra marique","robots":{"index":"index","follow":"follow","max-snippet":"max-snippet:-1","max-image-preview":"max-image-preview:large","max-video-preview":"max-video-preview:-1"},"canonical":"https:\/\/www.edizioniterramarique.com\/en\/shop\/il-tempo-sospeso\/","og_locale":"en_GB","og_type":"article","og_title":"Il tempo sospeso &#8226; Edizioni Terra marique","og_description":"di Francesca Varagona Collana Voci narranti ISBN 9788897712701","og_url":"https:\/\/www.edizioniterramarique.com\/en\/shop\/il-tempo-sospeso\/","og_site_name":"Edizioni Terra marique","article_modified_time":"2018-06-27T16:24:36+00:00","og_image":[{"width":200,"height":288,"url":"https:\/\/www.edizioniterramarique.com\/wp-content\/uploads\/2018\/06\/COP_il_tempo_sospeso-PER-SITO-TM.jpg","type":"image\/jpeg"}],"twitter_misc":{"Estimated reading time":"1 minute"},"schema":{"@context":"https:\/\/schema.org","@graph":[{"@type":"WebPage","@id":"https:\/\/www.edizioniterramarique.com\/shop\/il-tempo-sospeso\/","url":"https:\/\/www.edizioniterramarique.com\/shop\/il-tempo-sospeso\/","name":"Il tempo sospeso &#8226; Edizioni Terra marique","isPartOf":{"@id":"https:\/\/www.edizioniterramarique.com\/#website"},"primaryImageOfPage":{"@id":"https:\/\/www.edizioniterramarique.com\/shop\/il-tempo-sospeso\/#primaryimage"},"image":{"@id":"https:\/\/www.edizioniterramarique.com\/shop\/il-tempo-sospeso\/#primaryimage"},"thumbnailUrl":"https:\/\/www.edizioniterramarique.com\/wp-content\/uploads\/2018\/06\/COP_il_tempo_sospeso-PER-SITO-TM.jpg","datePublished":"2018-06-27T16:23:12+00:00","dateModified":"2018-06-27T16:24:36+00:00","breadcrumb":{"@id":"https:\/\/www.edizioniterramarique.com\/shop\/il-tempo-sospeso\/#breadcrumb"},"inLanguage":"en-GB","potentialAction":[{"@type":"ReadAction","target":["https:\/\/www.edizioniterramarique.com\/shop\/il-tempo-sospeso\/"]}]},{"@type":"ImageObject","inLanguage":"en-GB","@id":"https:\/\/www.edizioniterramarique.com\/shop\/il-tempo-sospeso\/#primaryimage","url":"https:\/\/www.edizioniterramarique.com\/wp-content\/uploads\/2018\/06\/COP_il_tempo_sospeso-PER-SITO-TM.jpg","contentUrl":"https:\/\/www.edizioniterramarique.com\/wp-content\/uploads\/2018\/06\/COP_il_tempo_sospeso-PER-SITO-TM.jpg","width":200,"height":288},{"@type":"BreadcrumbList","@id":"https:\/\/www.edizioniterramarique.com\/shop\/il-tempo-sospeso\/#breadcrumb","itemListElement":[{"@type":"ListItem","position":1,"name":"Home","item":"https:\/\/www.edizioniterramarique.com\/"},{"@type":"ListItem","position":2,"name":"Shop","item":"https:\/\/www.edizioniterramarique.com\/"},{"@type":"ListItem","position":3,"name":"Il tempo sospeso"}]},{"@type":"WebSite","@id":"https:\/\/www.edizioniterramarique.com\/#website","url":"https:\/\/www.edizioniterramarique.com\/","name":"Edizioni Terra marique","description":"Edizioni Terra marique","publisher":{"@id":"https:\/\/www.edizioniterramarique.com\/#organization"},"potentialAction":[{"@type":"SearchAction","target":{"@type":"EntryPoint","urlTemplate":"https:\/\/www.edizioniterramarique.com\/?s={search_term_string}"},"query-input":{"@type":"PropertyValueSpecification","valueRequired":true,"valueName":"search_term_string"}}],"inLanguage":"en-GB"},{"@type":"Organization","@id":"https:\/\/www.edizioniterramarique.com\/#organization","name":"Edizioni Terra marique","url":"https:\/\/www.edizioniterramarique.com\/","logo":{"@type":"ImageObject","inLanguage":"en-GB","@id":"https:\/\/www.edizioniterramarique.com\/#\/schema\/logo\/image\/","url":"https:\/\/www.edizioniterramarique.com\/wp-content\/uploads\/2014\/02\/logo_web1.jpg","contentUrl":"https:\/\/www.edizioniterramarique.com\/wp-content\/uploads\/2014\/02\/logo_web1.jpg","width":200,"height":109,"caption":"Edizioni Terra marique"},"image":{"@id":"https:\/\/www.edizioniterramarique.com\/#\/schema\/logo\/image\/"}}]}},"_links":{"self":[{"href":"https:\/\/www.edizioniterramarique.com\/en\/wp-json\/wp\/v2\/product\/1341","targetHints":{"allow":["GET"]}}],"collection":[{"href":"https:\/\/www.edizioniterramarique.com\/en\/wp-json\/wp\/v2\/product"}],"about":[{"href":"https:\/\/www.edizioniterramarique.com\/en\/wp-json\/wp\/v2\/types\/product"}],"wp:featuredmedia":[{"embeddable":true,"href":"https:\/\/www.edizioniterramarique.com\/en\/wp-json\/wp\/v2\/media\/1342"}],"wp:attachment":[{"href":"https:\/\/www.edizioniterramarique.com\/en\/wp-json\/wp\/v2\/media?parent=1341"}],"wp:term":[{"taxonomy":"product_brand","embeddable":true,"href":"https:\/\/www.edizioniterramarique.com\/en\/wp-json\/wp\/v2\/product_brand?post=1341"},{"taxonomy":"product_cat","embeddable":true,"href":"https:\/\/www.edizioniterramarique.com\/en\/wp-json\/wp\/v2\/product_cat?post=1341"},{"taxonomy":"product_tag","embeddable":true,"href":"https:\/\/www.edizioniterramarique.com\/en\/wp-json\/wp\/v2\/product_tag?post=1341"}],"curies":[{"name":"wp","href":"https:\/\/api.w.org\/{rel}","templated":true}]}}

<p>Tante storie rimangono a mezz’aria in attesa di essere narrate. Nasce così questa raccolta di racconti, nella quale ogni vicenda porta in sé la sensazione di qualcosa che ci è sfuggito e che resta tra il vissuto e l’onirico, tra il presente appena trascorso e il lontano ricordo.<br />
Tornano alla memoria la salsedine, il profumo di un gelsomino fiorito, la gioia per una figlia desiderata nonostante le convenzioni.<br />
Il sapore agrodolce di tempi lontani, in cui i sogni e gli ideali avevano un loro spessore e niente era ancora accaduto, rivive in forma di suggestioni, cartoline in bianco e nero.<br />
Il tempo sfugge anche nella vita di oggi, con le sue contraddizioni di scelte sbagliate, di un mondo che avanza ponendoci interrogativi, di amori che non hanno avuto modo di viversi e che si rincorrono nell’attesa di un attimo che non giungerà mai.<br />
Tracce di quel “tempo sospeso” che impone di scendere dal turbinio del quotidiano per fermarsi a ritrovare un’emozione, un sapore, uno scatto, un moto dell’animo.</p>
<p>&nbsp;</p>
